CRAN Package Check Results for Package gimme

Last updated on 2022-01-15 20:00:00 CET.

Flavor Version Tinstall Tcheck Ttotal Status Flags
r-devel-linux-x86_64-debian-clang 0.7-7 19.10 158.05 177.15 OK
r-devel-linux-x86_64-debian-gcc 0.7-7 16.17 117.39 133.56 OK
r-devel-linux-x86_64-fedora-clang 0.7-7 219.52 OK
r-devel-linux-x86_64-fedora-gcc 0.7-7 196.73 OK
r-devel-windows-x86_64-new-UL 0.7-7 43.00 175.00 218.00 OK
r-devel-windows-x86_64-new-TK 0.7-7 ERROR
r-patched-linux-x86_64 0.7-7 16.48 147.39 163.87 OK
r-release-linux-x86_64 0.7-7 17.78 148.06 165.84 OK
r-release-macos-arm64 0.7-7 OK
r-release-macos-x86_64 0.7-7 OK
r-release-windows-ix86+x86_64 0.7-7 43.00 168.00 211.00 OK
r-oldrel-macos-x86_64 0.7-7 OK
r-oldrel-windows-ix86+x86_64 0.7-7 45.00 168.00 213.00 OK

Check Details

Version: 0.7-7
Check: package dependencies
Result: ERROR
    Packages required but not available: 'MIIVsem', 'nloptr'
    
    See section 'The DESCRIPTION file' in the 'Writing R Extensions'
    manual.
Flavor: r-devel-windows-x86_64-new-TK