CRAN Package Check Results for Package gimmeTools

Last updated on 2022-01-25 19:50:33 CET.

Flavor Version Tinstall Tcheck Ttotal Status Flags
r-devel-linux-x86_64-debian-clang 0.1 4.12 50.98 55.10 NOTE
r-devel-linux-x86_64-debian-gcc 0.1 4.09 38.65 42.74 NOTE
r-devel-linux-x86_64-fedora-clang 0.1 67.37 NOTE
r-devel-linux-x86_64-fedora-gcc 0.1 56.15 NOTE
r-devel-windows-x86_64-new-UL 0.1 37.00 71.00 108.00 NOTE
r-devel-windows-x86_64-new-TK 0.1 NOTE
r-patched-linux-x86_64 0.1 3.53 46.51 50.04 NOTE
r-release-linux-x86_64 0.1 5.06 46.96 52.02 NOTE
r-release-macos-arm64 0.1 NOTE
r-release-macos-x86_64 0.1 NOTE
r-release-windows-ix86+x86_64 0.1 12.00 63.00 75.00 NOTE
r-oldrel-macos-x86_64 0.1 OK
r-oldrel-windows-ix86+x86_64 0.1 13.00 63.00 76.00 OK

Check Details

Version: 0.1
Check: LazyData
Result: NOTE
     'LazyData' is specified without a 'data' directory
Flavors: r-devel-linux-x86_64-debian-clang, r-devel-linux-x86_64-debian-gcc, r-devel-linux-x86_64-fedora-clang, r-devel-linux-x86_64-fedora-gcc, r-devel-windows-x86_64-new-UL, r-devel-windows-x86_64-new-TK, r-patched-linux-x86_64, r-release-linux-x86_64, r-release-macos-arm64, r-release-macos-x86_64, r-release-windows-ix86+x86_64