CRAN Package Check Results for Package glmmML

Last updated on 2021-12-02 20:51:30 CET.

Flavor Version Tinstall Tcheck Ttotal Status Flags
r-devel-linux-x86_64-debian-clang 1.1.1 6.60 34.14 40.74 OK
r-devel-linux-x86_64-debian-gcc 1.1.1 4.36 26.18 30.54 OK
r-devel-linux-x86_64-fedora-clang 1.1.1 63.58 NOTE
r-devel-linux-x86_64-fedora-gcc 1.1.1 51.73 OK
r-devel-windows-x86_64-new-UL 1.1.1 19.00 97.00 116.00 OK
r-devel-windows-x86_64-new-TK 1.1.1 OK
r-devel-windows-x86_64-old 1.1.1 11.00 46.00 57.00 OK
r-patched-linux-x86_64 1.1.1 5.19 32.95 38.14 OK
r-patched-solaris-x86 1.1.1 75.30 OK
r-release-linux-x86_64 1.1.1 5.77 32.83 38.60 OK
r-release-macos-arm64 1.1.1 OK
r-release-macos-x86_64 1.1.1 OK
r-release-windows-ix86+x86_64 1.1.1 21.00 75.00 96.00 OK
r-oldrel-macos-x86_64 1.1.1 OK
r-oldrel-windows-ix86+x86_64 1.1.1 22.00 76.00 98.00 OK

Check Details

Version: 1.1.1
Check: Rd cross-references
Result: NOTE
    Undeclared package ‘lme4’ in Rd xrefs
Flavor: r-devel-linux-x86_64-fedora-clang