Last updated on 2023-02-01 19:54:10 CET.
Flavor | Version | Tinstall | Tcheck | Ttotal | Status | Flags |
---|---|---|---|---|---|---|
r-devel-linux-x86_64-debian-clang | 0.1.4 | 237.01 | 130.28 | 367.29 | NOTE | |
r-devel-linux-x86_64-debian-gcc | 0.1.4 | 148.85 | 105.40 | 254.25 | NOTE | |
r-devel-linux-x86_64-fedora-clang | 0.1.4 | 396.32 | NOTE | |||
r-devel-linux-x86_64-fedora-gcc | 0.1.4 | 454.37 | NOTE | |||
r-devel-windows-x86_64 | 0.1.4 | 145.00 | 211.00 | 356.00 | NOTE | |
r-patched-linux-x86_64 | 0.1.4 | 132.13 | 137.75 | 269.88 | NOTE | |
r-release-linux-x86_64 | 0.1.4 | 122.79 | 138.90 | 261.69 | NOTE | |
r-release-macos-arm64 | 0.1.4 | 101.00 | NOTE | |||
r-release-macos-x86_64 | 0.1.4 | 216.00 | NOTE | |||
r-release-windows-x86_64 | 0.1.4 | 134.00 | 214.00 | 348.00 | NOTE | |
r-oldrel-macos-arm64 | 0.1.4 | 162.00 | NOTE | |||
r-oldrel-macos-x86_64 | 0.1.4 | 217.00 | NOTE | |||
r-oldrel-windows-ix86+x86_64 | 0.1.4 | 358.00 | 227.00 | 585.00 | NOTE |
Version: 0.1.4
Check: C++ specification
Result: NOTE
Specified C++14: please update to current default of C++17
Flavors: r-devel-linux-x86_64-debian-clang, r-devel-linux-x86_64-debian-gcc, r-devel-linux-x86_64-fedora-clang, r-devel-linux-x86_64-fedora-gcc, r-devel-windows-x86_64
Version: 0.1.4
Check: for GNU extensions in Makefiles
Result: NOTE
GNU make is a SystemRequirements.
Flavors: r-devel-linux-x86_64-debian-clang, r-devel-linux-x86_64-debian-gcc, r-devel-linux-x86_64-fedora-clang, r-devel-linux-x86_64-fedora-gcc, r-devel-windows-x86_64, r-patched-linux-x86_64, r-release-linux-x86_64, r-release-macos-arm64, r-release-macos-x86_64, r-release-windows-x86_64, r-oldrel-macos-arm64, r-oldrel-macos-x86_64, r-oldrel-windows-ix86+x86_64
Version: 0.1.4
Check: installed package size
Result: NOTE
installed size is 48.9Mb
sub-directories of 1Mb or more:
libs 48.2Mb
Flavors: r-release-macos-arm64, r-release-macos-x86_64, r-oldrel-macos-arm64, r-oldrel-macos-x86_64, r-oldrel-windows-ix86+x86_64