Last updated on 2023-12-07 19:58:29 CET.
Flavor | Version | Tinstall | Tcheck | Ttotal | Status | Flags |
---|---|---|---|---|---|---|
r-devel-linux-x86_64-debian-clang | 0.1.9 | 23.26 | 213.84 | 237.10 | NOTE | |
r-devel-linux-x86_64-debian-gcc | 0.1.9 | 15.25 | 155.67 | 170.92 | NOTE | |
r-devel-linux-x86_64-fedora-clang | 0.1.9 | 289.35 | OK | |||
r-devel-linux-x86_64-fedora-gcc | 0.1.9 | 277.70 | OK | |||
r-devel-windows-x86_64 | 0.1.9 | 20.00 | 184.00 | 204.00 | OK | |
r-patched-linux-x86_64 | 0.1.9 | 24.67 | 212.15 | 236.82 | OK | |
r-release-linux-x86_64 | 0.1.9 | 23.78 | 208.65 | 232.43 | OK | |
r-release-macos-arm64 | 0.1.9 | 69.00 | OK | |||
r-release-macos-x86_64 | 0.1.9 | 194.00 | OK | |||
r-release-windows-x86_64 | 0.1.9 | 25.00 | 224.00 | 249.00 | OK | |
r-oldrel-macos-arm64 | 0.1.9 | 68.00 | OK | |||
r-oldrel-macos-x86_64 | 0.1.9 | 105.00 | OK | |||
r-oldrel-windows-x86_64 | 0.1.9 | 25.00 | 211.00 | 236.00 | OK |
Version: 0.1.9
Check: Rd files
Result: NOTE
checkRd: (-1) ROCc.Rd:21: Lost braces in \itemize; \value handles \item{}{} directly
checkRd: (-1) ROCc.Rd:22: Lost braces in \itemize; \value handles \item{}{} directly
checkRd: (-1) ROCc.Rd:23: Lost braces in \itemize; \value handles \item{}{} directly
checkRd: (-1) ROCc.Rd:24: Lost braces in \itemize; \value handles \item{}{} directly
checkRd: (-1) anova.glmgee.Rd:29: Lost braces
29 | \item \code{Chi:}{ The value of the statistic of the test.}
| ^
checkRd: (-1) anova.glmgee.Rd:30: Lost braces
30 | \item \code{df:}{ The number of degrees of freedom.}
| ^
checkRd: (-1) anova.glmgee.Rd:31: Lost braces
31 | \item \code{Pr(>Chi):}{ The \emph{p}-value of the test computed using the Chi-square distribution.}
| ^
checkRd: (-1) anova.zeroinflation.Rd:33: Lost braces
33 | \item \code{Chi:}{ The value of the statistic of the test,}
| ^
checkRd: (-1) anova.zeroinflation.Rd:34: Lost braces
34 | \item \code{Df:}{ The number of degrees of freedom,}
| ^
checkRd: (-1) anova.zeroinflation.Rd:35: Lost braces
35 | \item \code{Pr(>Chi):}{ The \emph{p}-value of the test \emph{test} computed using the Chi-square distribution.}
| ^
checkRd: (-1) anova2.Rd:26: Lost braces
26 | \item \code{Chi:}{ The value of the statistic of the test.}
| ^
checkRd: (-1) anova2.Rd:27: Lost braces
27 | \item \code{Df:}{ The number of degrees of freedom.}
| ^
checkRd: (-1) anova2.Rd:28: Lost braces
28 | \item \code{Pr(>Chi):}{ The \emph{p}-value of the test computed using the Chi-square distribution.}
| ^
checkRd: (-1) stepCriterion.glmgee.Rd:58: Lost braces in \itemize; \value handles \item{}{} directly
checkRd: (-1) stepCriterion.glmgee.Rd:59: Lost braces in \itemize; \value handles \item{}{} directly
checkRd: (-1) stepCriterion.glmgee.Rd:60: Lost braces in \itemize; \value handles \item{}{} directly
checkRd: (-1) stepCriterion.glmgee.Rd:61: Lost braces in \itemize; \value handles \item{}{} directly
Flavors: r-devel-linux-x86_64-debian-clang, r-devel-linux-x86_64-debian-gcc