CRAN Package Check Results for Package glmtree

Last updated on 2024-02-21 19:53:15 CET.

Flavor Version Tinstall Tcheck Ttotal Status Flags
r-devel-linux-x86_64-debian-clang 0.2 NOTE
r-devel-linux-x86_64-debian-gcc 0.2 2.18 104.66 106.84 NOTE
r-devel-linux-x86_64-fedora-clang 0.2 170.36 NOTE
r-devel-linux-x86_64-fedora-gcc 0.2 183.30 NOTE
r-devel-windows-x86_64 0.2 4.00 125.00 129.00 NOTE
r-patched-linux-x86_64 0.2 2.28 148.34 150.62 NOTE
r-release-linux-x86_64 0.2 1.95 131.41 133.36 NOTE
r-release-macos-arm64 0.2 62.00 NOTE
r-release-macos-x86_64 0.2 98.00 NOTE
r-release-windows-x86_64 0.2 5.00 147.00 152.00 NOTE
r-oldrel-macos-arm64 0.2 48.00 NOTE
r-oldrel-windows-x86_64 0.2 5.00 147.00 152.00 NOTE

Check Details

Version: 0.2
Check: LazyData
Result: NOTE 'LazyData' is specified without a 'data' directory Flavors: r-devel-linux-x86_64-debian-clang, r-devel-linux-x86_64-debian-gcc, r-devel-linux-x86_64-fedora-clang, r-devel-linux-x86_64-fedora-gcc, r-devel-windows-x86_64, r-patched-linux-x86_64, r-release-linux-x86_64, r-release-macos-arm64, r-release-macos-x86_64, r-release-windows-x86_64, r-oldrel-macos-arm64, r-oldrel-windows-x86_64