CRAN Package Check Results for Package glmulti

Last updated on 2024-04-19 21:56:29 CEST.

Flavor Version Tinstall Tcheck Ttotal Status Flags
r-devel-linux-x86_64-debian-clang 1.0.8 6.86 50.06 56.92 NOTE
r-devel-linux-x86_64-debian-gcc 1.0.8 NOTE
r-devel-linux-x86_64-fedora-clang 1.0.8 73.36 NOTE
r-devel-linux-x86_64-fedora-gcc 1.0.8 73.64 NOTE
r-prerel-macos-arm64 1.0.8 25.00 NOTE
r-prerel-windows-x86_64 1.0.8 7.00 56.00 63.00 NOTE
r-patched-linux-x86_64 1.0.8 7.61 46.58 54.19 NOTE
r-release-linux-x86_64 1.0.8 8.12 46.96 55.08 NOTE
r-release-macos-arm64 1.0.8 25.00 NOTE
r-release-macos-x86_64 1.0.8 40.00 NOTE
r-release-windows-x86_64 1.0.8 9.00 62.00 71.00 NOTE
r-oldrel-macos-arm64 1.0.8 23.00 OK
r-oldrel-windows-x86_64 1.0.8 10.00 69.00 79.00 OK

Check Details

Version: 1.0.8
Check: Rd files
Result: NOTE checkRd: (-1) coef.glmulti.Rd:26: Escaped LaTeX specials: \& checkRd: (-1) coef.glmulti.Rd:27: Escaped LaTeX specials: \& checkRd: (-1) coef.glmulti.Rd:51: Escaped LaTeX specials: \& checkRd: (-1) coef.glmulti.Rd:60: Escaped LaTeX specials: \& checkRd: (-1) coef.glmulti.Rd:61: Escaped LaTeX specials: \& checkRd: (-1) consensus.Rd:29: Escaped LaTeX specials: \& checkRd: (-1) getfit.Rd:14: Lost braces 14 | \item{object}{A fitted model object, of class \code{glm}, \code{lm} or code{glm.nb}} | ^ checkRd: (-1) getfit.Rd:26: Escaped LaTeX specials: \& checkRd: (-1) glmulti-class.Rd:26: Escaped LaTeX specials: \& checkRd: (-1) glmulti-methods.Rd:14: Lost braces 14 | code{glmulti} finds what are the \code{n} best models (the confidence set of models) among all possible models (the candidate set, as specified by the user). | ^ checkRd: (-1) glmulti.Rd:99: Escaped LaTeX specials: \& checkRd: (-1) summary.glmulti.Rd:72: Escaped LaTeX specials: \& Flavors: r-devel-linux-x86_64-debian-clang, r-devel-linux-x86_64-debian-gcc, r-devel-linux-x86_64-fedora-clang, r-devel-linux-x86_64-fedora-gcc, r-prerel-macos-arm64, r-prerel-windows-x86_64, r-patched-linux-x86_64

Version: 1.0.8
Check: Rd files
Result: NOTE checkRd: (-1) coef.glmulti.Rd:26: Escaped LaTeX specials: \& checkRd: (-1) coef.glmulti.Rd:27: Escaped LaTeX specials: \& checkRd: (-1) coef.glmulti.Rd:51: Escaped LaTeX specials: \& checkRd: (-1) coef.glmulti.Rd:60: Escaped LaTeX specials: \& checkRd: (-1) coef.glmulti.Rd:61: Escaped LaTeX specials: \& checkRd: (-1) consensus.Rd:29: Escaped LaTeX specials: \& checkRd: (-1) getfit.Rd:26: Escaped LaTeX specials: \& checkRd: (-1) glmulti-class.Rd:26: Escaped LaTeX specials: \& checkRd: (-1) glmulti.Rd:99: Escaped LaTeX specials: \& checkRd: (-1) summary.glmulti.Rd:72: Escaped LaTeX specials: \& Flavors: r-release-linux-x86_64, r-release-macos-arm64, r-release-macos-x86_64, r-release-windows-x86_64