Last updated on 2023-12-07 19:58:29 CET.
Flavor | Version | Tinstall | Tcheck | Ttotal | Status | Flags |
---|---|---|---|---|---|---|
r-devel-linux-x86_64-debian-clang | 0.7.0 | 10.00 | 96.97 | 106.97 | OK | |
r-devel-linux-x86_64-debian-gcc | 0.7.0 | 5.96 | 71.80 | 77.76 | OK | |
r-devel-linux-x86_64-fedora-clang | 0.7.0 | 132.11 | NOTE | |||
r-devel-linux-x86_64-fedora-gcc | 0.7.0 | 136.38 | NOTE | |||
r-devel-windows-x86_64 | 0.7.0 | 9.00 | 91.00 | 100.00 | OK | |
r-patched-linux-x86_64 | 0.7.0 | 8.70 | 90.56 | 99.26 | OK | |
r-release-linux-x86_64 | 0.7.0 | 5.87 | 90.43 | 96.30 | OK | |
r-release-macos-arm64 | 0.7.0 | 47.00 | OK | |||
r-release-macos-x86_64 | 0.7.0 | 77.00 | OK | |||
r-release-windows-x86_64 | 0.7.0 | 12.00 | 106.00 | 118.00 | OK | |
r-oldrel-macos-arm64 | 0.7.0 | 37.00 | OK | |||
r-oldrel-macos-x86_64 | 0.7.0 | 53.00 | OK | |||
r-oldrel-windows-x86_64 | 0.7.0 | 12.00 | 113.00 | 125.00 | OK |
Version: 0.7.0
Check: data for non-ASCII characters
Result: NOTE
Note: found 2 marked UTF-8 strings
Flavors: r-devel-linux-x86_64-fedora-clang, r-devel-linux-x86_64-fedora-gcc