Last updated on 2023-01-28 19:52:16 CET.
Flavor | Version | Tinstall | Tcheck | Ttotal | Status | Flags |
---|---|---|---|---|---|---|
r-devel-linux-x86_64-debian-clang | 0.6.1 | 8.71 | 98.85 | 107.56 | OK | |
r-devel-linux-x86_64-debian-gcc | 0.6.1 | 5.76 | 71.46 | 77.22 | OK | |
r-devel-linux-x86_64-fedora-clang | 0.6.1 | 137.11 | NOTE | |||
r-devel-linux-x86_64-fedora-gcc | 0.6.1 | 137.97 | NOTE | |||
r-devel-windows-x86_64 | 0.6.1 | 24.00 | 127.00 | 151.00 | OK | |
r-patched-linux-x86_64 | 0.6.1 | 8.01 | 96.08 | 104.09 | OK | |
r-release-linux-x86_64 | 0.6.1 | 5.87 | 92.72 | 98.59 | OK | |
r-release-macos-arm64 | 0.6.1 | 38.00 | NOTE | |||
r-release-macos-x86_64 | 0.6.1 | 52.00 | NOTE | |||
r-release-windows-x86_64 | 0.6.1 | 30.00 | 136.00 | 166.00 | OK | |
r-oldrel-macos-arm64 | 0.6.1 | 40.00 | NOTE | |||
r-oldrel-macos-x86_64 | 0.6.1 | 56.00 | NOTE | |||
r-oldrel-windows-ix86+x86_64 | 0.6.1 | 22.00 | 133.00 | 155.00 | OK |
Version: 0.6.1
Check: data for non-ASCII characters
Result: NOTE
Note: found 2 marked UTF-8 strings
Flavors: r-devel-linux-x86_64-fedora-clang, r-devel-linux-x86_64-fedora-gcc, r-release-macos-arm64, r-release-macos-x86_64, r-oldrel-macos-arm64, r-oldrel-macos-x86_64