Last updated on 2022-05-22 21:53:50 CEST.
Flavor | Version | Tinstall | Tcheck | Ttotal | Status | Flags |
---|---|---|---|---|---|---|
r-devel-linux-x86_64-debian-clang | 0.4.0 | 6.99 | 95.01 | 102.00 | OK | |
r-devel-linux-x86_64-debian-gcc | 0.4.0 | 5.93 | 69.19 | 75.12 | OK | |
r-devel-linux-x86_64-fedora-clang | 0.4.0 | 115.85 | OK | |||
r-devel-linux-x86_64-fedora-gcc | 0.4.0 | 116.49 | OK | |||
r-devel-windows-x86_64 | 0.4.0 | 27.00 | 118.00 | 145.00 | OK | |
r-patched-linux-x86_64 | 0.4.0 | 6.88 | 86.11 | 92.99 | OK | |
r-release-linux-x86_64 | 0.4.0 | 7.50 | 85.55 | 93.05 | OK | |
r-release-macos-arm64 | 0.4.0 | 44.00 | NOTE | |||
r-release-macos-x86_64 | 0.4.0 | 70.00 | OK | |||
r-release-windows-x86_64 | 0.4.0 | 24.00 | 118.00 | 142.00 | OK | |
r-oldrel-macos-arm64 | 0.4.0 | 48.00 | OK | |||
r-oldrel-macos-x86_64 | 0.4.0 | 68.00 | OK | |||
r-oldrel-windows-ix86+x86_64 | 0.4.0 | 17.00 | 102.00 | 119.00 | OK |
Version: 0.4.0
Check: package dependencies
Result: NOTE
Package suggested but not available for checking: ‘preprocessCore’
Flavor: r-release-macos-arm64