CRAN Package Check Results for Package gmp

Last updated on 2021-11-27 19:49:35 CET.

Flavor Version Tinstall Tcheck Ttotal Status Flags
r-devel-linux-x86_64-debian-clang 0.6-2.1 OK
r-devel-linux-x86_64-debian-gcc 0.6-2.1 20.11 33.35 53.46 OK
r-devel-linux-x86_64-fedora-clang 0.6-2.1 112.23 NOTE
r-devel-linux-x86_64-fedora-gcc 0.6-2.1 89.89 OK
r-devel-windows-x86_64-new-UL 0.6-2.1 55.00 109.00 164.00 OK
r-devel-windows-x86_64-new-TK 0.6-2.1 OK
r-devel-windows-x86_64-old 0.6-2.1 31.00 77.00 108.00 OK
r-patched-linux-x86_64 0.6-2.1 25.80 41.50 67.30 OK
r-patched-solaris-x86 0.6-2.1 123.10 OK
r-release-linux-x86_64 0.6-2.1 OK
r-release-macos-arm64 0.6-2.1 OK
r-release-macos-x86_64 0.6-2.1 OK
r-release-windows-ix86+x86_64 0.6-2.1 68.00 77.00 145.00 OK
r-oldrel-macos-x86_64 0.6-2.1 OK
r-oldrel-windows-ix86+x86_64 0.6-2.1 55.00 74.00 129.00 OK

Check Details

Version: 0.6-2.1
Check: Rd cross-references
Result: NOTE
    Undeclared package ‘sfsmisc’ in Rd xrefs
Flavor: r-devel-linux-x86_64-fedora-clang