CRAN Package Check Results for Package gmvjoint

Last updated on 2024-02-22 19:55:33 CET.

Flavor Version Tinstall Tcheck Ttotal Status Flags
r-devel-linux-x86_64-debian-clang 0.4.0 OK
r-devel-linux-x86_64-debian-gcc 0.4.0 76.29 99.83 176.12 OK
r-devel-linux-x86_64-fedora-clang 0.4.0 299.89 OK
r-devel-linux-x86_64-fedora-gcc 0.4.0 306.88 OK
r-devel-windows-x86_64 0.4.0 74.00 140.00 214.00 OK
r-patched-linux-x86_64 0.4.0 81.65 131.81 213.46 OK
r-release-linux-x86_64 0.4.0 71.20 130.06 201.26 OK
r-release-macos-arm64 0.4.0 77.00 NOTE
r-release-macos-x86_64 0.4.0 144.00 NOTE
r-release-windows-x86_64 0.4.0 94.00 172.00 266.00 OK
r-oldrel-macos-arm64 0.4.0 74.00 NOTE
r-oldrel-windows-x86_64 0.4.0 89.00 162.00 251.00 OK

Check Details

Version: 0.4.0
Check: installed package size
Result: NOTE installed size is 7.3Mb sub-directories of 1Mb or more: libs 6.8Mb Flavors: r-release-macos-arm64, r-release-macos-x86_64, r-oldrel-macos-arm64