Last updated on 2023-09-24 22:07:59 CEST.
Flavor | Version | Tinstall | Tcheck | Ttotal | Status | Flags |
---|---|---|---|---|---|---|
r-devel-linux-x86_64-debian-clang | 0.7-8 | 3.04 | 30.89 | 33.93 | OK | |
r-devel-linux-x86_64-debian-gcc | 0.7-8 | 2.13 | 23.97 | 26.10 | OK | |
r-devel-linux-x86_64-fedora-clang | 0.7-8 | 41.07 | NOTE | |||
r-devel-linux-x86_64-fedora-gcc | 0.7-8 | 40.25 | OK | |||
r-devel-windows-x86_64 | 0.7-8 | 4.00 | 46.00 | 50.00 | OK | |
r-patched-linux-x86_64 | 0.7-8 | 2.70 | 30.22 | 32.92 | OK | |
r-release-linux-x86_64 | 0.7-8 | 3.35 | 29.71 | 33.06 | OK | |
r-release-macos-arm64 | 0.7-8 | 19.00 | OK | |||
r-release-macos-x86_64 | 0.7-8 | 24.00 | OK | |||
r-release-windows-x86_64 | 0.7-8 | 3.00 | 53.00 | 56.00 | OK | |
r-oldrel-macos-arm64 | 0.7-8 | 19.00 | OK | |||
r-oldrel-macos-x86_64 | 0.7-8 | 25.00 | OK | |||
r-oldrel-windows-x86_64 | 0.7-8 | 12.00 | 62.00 | 74.00 | OK |
Version: 0.7-8
Check: Rd cross-references
Result: NOTE
Undeclared package ‘gdata’ in Rd xrefs
Flavor: r-devel-linux-x86_64-fedora-clang