Last updated on 2023-01-28 19:52:16 CET.
Flavor | Version | Tinstall | Tcheck | Ttotal | Status | Flags |
---|---|---|---|---|---|---|
r-devel-linux-x86_64-debian-clang | 0.1.1 | 42.27 | 129.32 | 171.59 | OK | |
r-devel-linux-x86_64-debian-gcc | 0.1.1 | 28.63 | 98.85 | 127.48 | NOTE | |
r-devel-linux-x86_64-fedora-clang | 0.1.1 | 232.52 | NOTE | |||
r-devel-linux-x86_64-fedora-gcc | 0.1.1 | 227.32 | NOTE | |||
r-devel-windows-x86_64 | 0.1.1 | 45.00 | 171.00 | 216.00 | OK | |
r-patched-linux-x86_64 | 0.1.1 | 37.92 | 128.84 | 166.76 | OK | |
r-release-linux-x86_64 | 0.1.1 | 28.55 | 128.68 | 157.23 | OK | |
r-release-macos-arm64 | 0.1.1 | 69.00 | NOTE | |||
r-release-macos-x86_64 | 0.1.1 | 96.00 | NOTE | |||
r-release-windows-x86_64 | 0.1.1 | 47.00 | 187.00 | 234.00 | OK | |
r-oldrel-macos-arm64 | 0.1.1 | 68.00 | NOTE | |||
r-oldrel-macos-x86_64 | 0.1.1 | 100.00 | NOTE | |||
r-oldrel-windows-ix86+x86_64 | 0.1.1 | 100.00 | 229.00 | 329.00 | OK |
Version: 0.1.1
Check: C++ specification
Result: NOTE
Specified C++11: please update to current default of C++17
Flavors: r-devel-linux-x86_64-debian-gcc, r-devel-linux-x86_64-fedora-gcc
Version: 0.1.1
Check: data for non-ASCII characters
Result: NOTE
Note: found 1352 marked UTF-8 strings
Flavors: r-devel-linux-x86_64-fedora-clang, r-devel-linux-x86_64-fedora-gcc, r-release-macos-arm64, r-release-macos-x86_64, r-oldrel-macos-arm64, r-oldrel-macos-x86_64