Last updated on 2023-03-27 20:52:16 CEST.
Flavor | Version | Tinstall | Tcheck | Ttotal | Status | Flags |
---|---|---|---|---|---|---|
r-devel-linux-x86_64-debian-clang | 1.1.0 | 12.36 | 89.03 | 101.39 | OK | |
r-devel-linux-x86_64-debian-gcc | 1.1.0 | 9.44 | 66.28 | 75.72 | OK | |
r-devel-linux-x86_64-fedora-clang | 1.1.0 | 126.36 | OK | |||
r-devel-linux-x86_64-fedora-gcc | 1.1.0 | 118.43 | OK | |||
r-patched-linux-x86_64 | 1.1.0 | 16.64 | 84.40 | 101.04 | OK | |
r-release-linux-x86_64 | 1.1.0 | 11.49 | 81.53 | 93.02 | OK | |
r-release-macos-arm64 | 1.1.0 | 39.00 | OK | |||
r-release-macos-x86_64 | 1.1.0 | 52.00 | OK | |||
r-release-windows-x86_64 | 1.1.0 | 359.00 | 128.00 | 487.00 | OK | |
r-oldrel-macos-arm64 | 1.1.0 | 41.00 | OK | |||
r-oldrel-macos-x86_64 | 1.1.0 | 57.00 | OK | |||
r-oldrel-windows-ix86+x86_64 | 1.1.0 | 26.00 | 113.00 | 139.00 | NOTE |
Version: 1.1.0
Check: dependencies in R code
Result: NOTE
Initiating curl with CURL_SSL_BACKEND: openssl
Flavor: r-oldrel-windows-ix86+x86_64