Last updated on 2023-01-30 19:54:47 CET.
Flavor | Version | Tinstall | Tcheck | Ttotal | Status | Flags |
---|---|---|---|---|---|---|
r-devel-linux-x86_64-debian-clang | 0.2.0 | 5.09 | 41.88 | 46.97 | NOTE | |
r-devel-linux-x86_64-debian-gcc | 0.2.0 | 2.83 | 31.26 | 34.09 | NOTE | |
r-devel-linux-x86_64-fedora-clang | 0.2.0 | 58.04 | NOTE | |||
r-devel-linux-x86_64-fedora-gcc | 0.2.0 | 54.81 | NOTE | |||
r-devel-windows-x86_64 | 0.2.0 | 8.00 | 72.00 | 80.00 | NOTE | |
r-patched-linux-x86_64 | 0.2.0 | 5.01 | 40.11 | 45.12 | NOTE | |
r-release-linux-x86_64 | 0.2.0 | 4.47 | 39.89 | 44.36 | NOTE | |
r-release-macos-arm64 | 0.2.0 | 19.00 | NOTE | |||
r-release-macos-x86_64 | 0.2.0 | 27.00 | NOTE | |||
r-release-windows-x86_64 | 0.2.0 | 117.00 | 75.00 | 192.00 | NOTE | |
r-oldrel-macos-arm64 | 0.2.0 | 26.00 | NOTE | |||
r-oldrel-macos-x86_64 | 0.2.0 | 31.00 | NOTE | |||
r-oldrel-windows-ix86+x86_64 | 0.2.0 | 10.00 | 68.00 | 78.00 | NOTE |
Version: 0.2.0
Check: LazyData
Result: NOTE
'LazyData' is specified without a 'data' directory
Flavors: r-devel-linux-x86_64-debian-clang, r-devel-linux-x86_64-debian-gcc, r-devel-linux-x86_64-fedora-clang, r-devel-linux-x86_64-fedora-gcc, r-devel-windows-x86_64, r-patched-linux-x86_64, r-release-linux-x86_64, r-release-macos-arm64, r-release-macos-x86_64, r-release-windows-x86_64, r-oldrel-macos-arm64, r-oldrel-macos-x86_64, r-oldrel-windows-ix86+x86_64