Last updated on 2023-02-01 19:54:10 CET.
Flavor | Version | Tinstall | Tcheck | Ttotal | Status | Flags |
---|---|---|---|---|---|---|
r-devel-linux-x86_64-debian-clang | 0.3.0 | 8.87 | 80.36 | 89.23 | NOTE | |
r-devel-linux-x86_64-debian-gcc | 0.3.0 | 6.56 | 62.57 | 69.13 | NOTE | |
r-devel-linux-x86_64-fedora-clang | 0.3.0 | 111.12 | NOTE | |||
r-devel-linux-x86_64-fedora-gcc | 0.3.0 | 123.92 | NOTE | |||
r-devel-windows-x86_64 | 0.3.0 | 357.00 | 155.00 | 512.00 | NOTE | |
r-patched-linux-x86_64 | 0.3.0 | 13.17 | 76.98 | 90.15 | NOTE | |
r-release-linux-x86_64 | 0.3.0 | 7.10 | 66.73 | 73.83 | NOTE | |
r-release-macos-arm64 | 0.3.0 | 37.00 | NOTE | |||
r-release-macos-x86_64 | 0.3.0 | 54.00 | NOTE | |||
r-release-windows-x86_64 | 0.3.0 | 468.00 | 148.00 | 616.00 | NOTE | |
r-oldrel-macos-arm64 | 0.3.0 | 70.00 | NOTE | |||
r-oldrel-macos-x86_64 | 0.3.0 | 72.00 | NOTE | |||
r-oldrel-windows-ix86+x86_64 | 0.3.0 | 16.00 | 107.00 | 123.00 | NOTE |
Version: 0.3.0
Check: LazyData
Result: NOTE
'LazyData' is specified without a 'data' directory
Flavors: r-devel-linux-x86_64-debian-clang, r-devel-linux-x86_64-debian-gcc, r-devel-linux-x86_64-fedora-clang, r-devel-linux-x86_64-fedora-gcc, r-devel-windows-x86_64, r-patched-linux-x86_64, r-release-linux-x86_64, r-release-macos-arm64, r-release-macos-x86_64, r-release-windows-x86_64, r-oldrel-macos-arm64, r-oldrel-macos-x86_64, r-oldrel-windows-ix86+x86_64