CRAN Package Check Results for Package gotop

Last updated on 2024-03-03 19:56:23 CET.

Flavor Version Tinstall Tcheck Ttotal Status Flags
r-devel-linux-x86_64-debian-clang 0.1.2 2.76 27.09 29.85 NOTE
r-devel-linux-x86_64-debian-gcc 0.1.2 2.31 20.95 23.26 NOTE
r-devel-linux-x86_64-fedora-clang 0.1.2 36.80 NOTE
r-devel-linux-x86_64-fedora-gcc 0.1.2 34.98 NOTE
r-devel-windows-x86_64 0.1.2 4.00 42.00 46.00 NOTE
r-patched-linux-x86_64 0.1.2 3.11 26.19 29.30 NOTE
r-release-linux-x86_64 0.1.2 2.43 26.47 28.90 NOTE
r-release-macos-arm64 0.1.2 18.00 NOTE
r-release-macos-x86_64 0.1.2 23.00 NOTE
r-release-windows-x86_64 0.1.2 4.00 45.00 49.00 NOTE
r-oldrel-macos-arm64 0.1.2 23.00 NOTE
r-oldrel-windows-x86_64 0.1.2 5.00 52.00 57.00 NOTE

Check Details

Version: 0.1.2
Check: LazyData
Result: NOTE 'LazyData' is specified without a 'data' directory Flavors: r-devel-linux-x86_64-debian-clang, r-devel-linux-x86_64-debian-gcc, r-devel-linux-x86_64-fedora-clang, r-devel-linux-x86_64-fedora-gcc, r-devel-windows-x86_64, r-patched-linux-x86_64, r-release-linux-x86_64, r-release-macos-arm64, r-release-macos-x86_64, r-release-windows-x86_64, r-oldrel-macos-arm64, r-oldrel-windows-x86_64