CRAN Package Check Results for Package govdown

Last updated on 2021-12-01 19:51:37 CET.

Flavor Version Tinstall Tcheck Ttotal Status Flags
r-devel-linux-x86_64-debian-clang 0.10.1 2.28 22.06 24.34 NOTE
r-devel-linux-x86_64-debian-gcc 0.10.1 1.88 17.39 19.27 NOTE
r-devel-linux-x86_64-fedora-clang 0.10.1 40.58 NOTE
r-devel-linux-x86_64-fedora-gcc 0.10.1 29.24 NOTE
r-devel-windows-x86_64-new-UL 0.10.1 9.00 55.00 64.00 NOTE
r-devel-windows-x86_64-new-TK 0.10.1 NOTE
r-devel-windows-x86_64-old 0.10.1 5.00 30.00 35.00 NOTE
r-patched-linux-x86_64 0.10.1 2.12 20.69 22.81 NOTE
r-patched-solaris-x86 0.10.1 46.80 NOTE
r-release-linux-x86_64 0.10.1 2.31 20.27 22.58 NOTE
r-release-macos-arm64 0.10.1 NOTE
r-release-macos-x86_64 0.10.1 NOTE
r-release-windows-ix86+x86_64 0.10.1 5.00 32.00 37.00 NOTE
r-oldrel-macos-x86_64 0.10.1 OK
r-oldrel-windows-ix86+x86_64 0.10.1 5.00 38.00 43.00 OK

Check Details

Version: 0.10.1
Check: LazyData
Result: NOTE
     'LazyData' is specified without a 'data' directory
Flavors: r-devel-linux-x86_64-debian-clang, r-devel-linux-x86_64-debian-gcc, r-devel-linux-x86_64-fedora-clang, r-devel-linux-x86_64-fedora-gcc, r-devel-windows-x86_64-new-UL, r-devel-windows-x86_64-new-TK, r-devel-windows-x86_64-old, r-patched-linux-x86_64, r-patched-solaris-x86, r-release-linux-x86_64, r-release-macos-arm64, r-release-macos-x86_64, r-release-windows-ix86+x86_64