CRAN Package Check Results for Package gplite

Last updated on 2021-12-03 19:50:12 CET.

Flavor Version Tinstall Tcheck Ttotal Status Flags
r-devel-linux-x86_64-debian-clang 0.12.0 31.37 210.39 241.76 OK
r-devel-linux-x86_64-debian-gcc 0.12.0 20.86 158.25 179.11 OK
r-devel-linux-x86_64-fedora-clang 0.12.0 304.09 OK
r-devel-linux-x86_64-fedora-gcc 0.12.0 291.26 OK
r-devel-windows-x86_64-new-UL 0.12.0 48.00 293.00 341.00 OK
r-devel-windows-x86_64-new-TK 0.12.0 OK
r-devel-windows-x86_64-old 0.12.0 45.00 213.00 258.00 OK
r-patched-linux-x86_64 0.12.0 26.67 199.61 226.28 OK
r-release-linux-x86_64 0.12.0 27.91 200.45 228.36 OK
r-release-macos-arm64 0.12.0 NOTE
r-release-macos-x86_64 0.12.0 OK
r-release-windows-ix86+x86_64 0.12.0 79.00 352.00 431.00 NOTE
r-oldrel-macos-x86_64 0.12.0 OK
r-oldrel-windows-ix86+x86_64 0.12.0 77.00 350.00 427.00 NOTE

Check Details

Version: 0.12.0
Check: installed package size
Result: NOTE
     installed size is 5.0Mb
     sub-directories of 1Mb or more:
     doc 3.1Mb
     libs 1.6Mb
Flavors: r-release-macos-arm64, r-release-windows-ix86+x86_64, r-oldrel-windows-ix86+x86_64