CRAN Package Check Results for Package gplots

Last updated on 2021-02-25 19:46:35 CET.

Flavor Version Tinstall Tcheck Ttotal Status Flags
r-devel-linux-x86_64-debian-clang 3.1.1 9.25 78.51 87.76 OK
r-devel-linux-x86_64-debian-gcc 3.1.1 6.56 58.66 65.22 OK
r-devel-linux-x86_64-fedora-clang 3.1.1 112.17 NOTE
r-devel-linux-x86_64-fedora-gcc 3.1.1 103.82 OK
r-devel-windows-ix86+x86_64 3.1.1 10.00 73.00 83.00 OK
r-patched-linux-x86_64 3.1.1 7.81 73.14 80.95 OK
r-patched-solaris-x86 3.1.1 137.00 OK
r-release-linux-x86_64 3.1.1 6.65 74.44 81.09 OK
r-release-macos-x86_64 3.1.1 OK
r-release-windows-ix86+x86_64 3.1.1 20.00 99.00 119.00 OK
r-oldrel-macos-x86_64 3.1.1 OK
r-oldrel-windows-ix86+x86_64 3.1.1 9.00 99.00 108.00 OK

Check Details

Version: 3.1.1
Check: Rd cross-references
Result: NOTE
    Undeclared package ‘r2d2’ in Rd xrefs
Flavor: r-devel-linux-x86_64-fedora-clang