CRAN Package Check Results for Package graph4lg

Last updated on 2021-12-08 19:51:33 CET.

Flavor Version Tinstall Tcheck Ttotal Status Flags
r-devel-linux-x86_64-debian-clang 1.2.0 14.82 183.49 198.31 OK
r-devel-linux-x86_64-debian-gcc 1.2.0 12.02 134.47 146.49 OK
r-devel-linux-x86_64-fedora-clang 1.2.0 235.73 NOTE
r-devel-linux-x86_64-fedora-gcc 1.2.0 219.20 NOTE
r-devel-windows-x86_64-new-UL 1.2.0 37.00 263.00 300.00 OK
r-devel-windows-x86_64-new-TK 1.2.0 NOTE
r-devel-windows-x86_64-old 1.2.0 23.00 247.00 270.00 OK
r-patched-linux-x86_64 1.2.0 15.71 189.04 204.75 OK
r-release-linux-x86_64 1.2.0 10.01 188.30 198.31 OK
r-release-macos-arm64 1.2.0 NOTE
r-release-macos-x86_64 1.2.0 NOTE
r-release-windows-ix86+x86_64 1.2.0 18.00 251.00 269.00 OK
r-oldrel-macos-x86_64 1.2.0 NOTE
r-oldrel-windows-ix86+x86_64 1.2.0 28.00 267.00 295.00 OK

Check Details

Version: 1.2.0
Check: package dependencies
Result: NOTE
    Imports includes 23 non-default packages.
    Importing from so many packages makes the package vulnerable to any of
    them becoming unavailable. Move as many as possible to Suggests and
    use conditionally.
Flavor: r-devel-linux-x86_64-fedora-clang

Version: 1.2.0
Check: dependencies in R code
Result: NOTE
    Namespaces in Imports field not imported from:
     ‘Rdpack’ ‘knitr’ ‘rmarkdown’ ‘spatstat.core’
     All declared Imports should be used.
Flavors: r-devel-linux-x86_64-fedora-clang, r-devel-linux-x86_64-fedora-gcc, r-devel-windows-x86_64-new-TK, r-release-macos-arm64, r-release-macos-x86_64, r-oldrel-macos-x86_64