CRAN Package Check Results for Package graphframes

Last updated on 2024-02-22 19:55:33 CET.

Flavor Version Tinstall Tcheck Ttotal Status Flags
r-devel-linux-x86_64-debian-clang 0.1.2 NOTE
r-devel-linux-x86_64-debian-gcc 0.1.2 5.82 50.44 56.26 NOTE
r-devel-linux-x86_64-fedora-clang 0.1.2 95.38 NOTE
r-devel-linux-x86_64-fedora-gcc 0.1.2 89.61 NOTE
r-devel-windows-x86_64 0.1.2 8.00 71.00 79.00 NOTE
r-patched-linux-x86_64 0.1.2 5.48 65.86 71.34 NOTE
r-release-linux-x86_64 0.1.2 4.78 64.14 68.92 NOTE
r-release-macos-arm64 0.1.2 31.00 NOTE
r-release-macos-x86_64 0.1.2 47.00 NOTE
r-release-windows-x86_64 0.1.2 10.00 80.00 90.00 NOTE
r-oldrel-macos-arm64 0.1.2 27.00 NOTE
r-oldrel-windows-x86_64 0.1.2 10.00 83.00 93.00 NOTE

Check Details

Version: 0.1.2
Check: LazyData
Result: NOTE 'LazyData' is specified without a 'data' directory Flavors: r-devel-linux-x86_64-debian-clang, r-devel-linux-x86_64-debian-gcc, r-devel-linux-x86_64-fedora-clang, r-devel-linux-x86_64-fedora-gcc, r-devel-windows-x86_64, r-patched-linux-x86_64, r-release-linux-x86_64, r-release-macos-arm64, r-release-macos-x86_64, r-release-windows-x86_64, r-oldrel-macos-arm64, r-oldrel-windows-x86_64