CRAN Package Check Results for Package graphkernels

Last updated on 2021-05-17 21:49:37 CEST.

Flavor Version Tinstall Tcheck Ttotal Status Flags
r-devel-linux-x86_64-debian-clang 1.6 51.52 65.51 117.03 OK
r-devel-linux-x86_64-debian-gcc 1.6 38.47 51.98 90.45 OK
r-devel-linux-x86_64-fedora-clang 1.6 160.71 NOTE
r-devel-linux-x86_64-fedora-gcc 1.6 152.05 OK
r-devel-windows-ix86+x86_64 1.6 110.00 130.00 240.00 OK
r-devel-windows-x86_64-gcc10-UCRT 1.6 OK
r-patched-linux-x86_64 1.6 44.39 66.41 110.80 OK
r-patched-solaris-x86 1.6 164.60 OK
r-release-linux-x86_64 1.6 42.45 66.83 109.28 OK
r-release-macos-x86_64 1.6 NOTE
r-release-windows-ix86+x86_64 1.6 84.00 129.00 213.00 OK
r-oldrel-macos-x86_64 1.6 NOTE
r-oldrel-windows-ix86+x86_64 1.6 68.00 143.00 211.00 OK

Check Details

Version: 1.6
Check: installed package size
Result: NOTE
     installed size is 10.5Mb
     sub-directories of 1Mb or more:
     libs 10.3Mb
Flavors: r-devel-linux-x86_64-fedora-clang, r-release-macos-x86_64, r-oldrel-macos-x86_64