Last updated on 2023-02-06 19:54:25 CET.
Flavor | Version | Tinstall | Tcheck | Ttotal | Status | Flags |
---|---|---|---|---|---|---|
r-devel-linux-x86_64-debian-clang | 1.0 | 33.52 | 271.52 | 305.04 | OK | |
r-devel-linux-x86_64-debian-gcc | 1.0 | 26.45 | 196.17 | 222.62 | OK | |
r-devel-linux-x86_64-fedora-clang | 1.0 | 364.67 | NOTE | |||
r-devel-linux-x86_64-fedora-gcc | 1.0 | 360.17 | NOTE | |||
r-devel-windows-x86_64 | 1.0 | 36.00 | 286.00 | 322.00 | OK | |
r-patched-linux-x86_64 | 1.0 | 23.24 | 263.64 | 286.88 | OK | |
r-release-linux-x86_64 | 1.0 | 30.47 | 271.52 | 301.99 | OK | |
r-release-macos-arm64 | 1.0 | 71.00 | NOTE | |||
r-release-macos-x86_64 | 1.0 | 105.00 | NOTE | |||
r-release-windows-x86_64 | 1.0 | 36.00 | 286.00 | 322.00 | OK | |
r-oldrel-macos-arm64 | 1.0 | 65.00 | NOTE | |||
r-oldrel-macos-x86_64 | 1.0 | 97.00 | NOTE | |||
r-oldrel-windows-ix86+x86_64 | 1.0 | 65.00 | 270.00 | 335.00 | OK |
Version: 1.0
Check: dependencies in R code
Result: NOTE
Namespaces in Imports field not imported from:
‘MASS’ ‘cubature’ ‘magicaxis’
All declared Imports should be used.
Flavors: r-devel-linux-x86_64-fedora-clang, r-devel-linux-x86_64-fedora-gcc, r-release-macos-arm64, r-release-macos-x86_64, r-oldrel-macos-arm64, r-oldrel-macos-x86_64