Last updated on 2023-11-27 19:52:41 CET.
Flavor | Version | Tinstall | Tcheck | Ttotal | Status | Flags |
---|---|---|---|---|---|---|
r-devel-linux-x86_64-debian-clang | 0.8.1 | 21.38 | 517.62 | 539.00 | NOTE | |
r-devel-linux-x86_64-debian-gcc | 0.8.1 | 18.63 | 396.21 | 414.84 | NOTE | |
r-devel-linux-x86_64-fedora-clang | 0.8.1 | 650.52 | OK | |||
r-devel-linux-x86_64-fedora-gcc | 0.8.1 | 652.56 | OK | |||
r-devel-windows-x86_64 | 0.8.1 | 20.00 | 393.00 | 413.00 | OK | |
r-patched-linux-x86_64 | 0.8.1 | 20.60 | 497.09 | 517.69 | OK | |
r-release-linux-x86_64 | 0.8.1 | 18.89 | 491.08 | 509.97 | OK | |
r-release-macos-arm64 | 0.8.1 | 189.00 | OK | |||
r-release-macos-x86_64 | 0.8.1 | 291.00 | OK | |||
r-release-windows-x86_64 | 0.8.1 | 27.00 | 493.00 | 520.00 | OK | |
r-oldrel-macos-arm64 | 0.8.1 | 172.00 | OK | |||
r-oldrel-macos-x86_64 | 0.8.1 | 235.00 | OK | |||
r-oldrel-windows-x86_64 | 0.8.1 | 29.00 | 481.00 | 510.00 | OK |
Version: 0.8.1
Check: Rd files
Result: NOTE
checkRd: (-1) term_names.Rd:19: Lost braces; missing escapes or markup?
19 | \item{object}{a fitted GAM object or an {mgcv} smooth object}
| ^
Flavors: r-devel-linux-x86_64-debian-clang, r-devel-linux-x86_64-debian-gcc