CRAN Package Check Results for Package greed

Last updated on 2024-02-29 20:05:28 CET.

Flavor Version Tinstall Tcheck Ttotal Status Flags
r-devel-linux-x86_64-debian-clang 0.6.1 380.83 311.86 692.69 NOTE
r-devel-linux-x86_64-debian-gcc 0.6.1 332.15 227.85 560.00 NOTE
r-devel-linux-x86_64-fedora-clang 0.6.1 1040.73 NOTE
r-devel-linux-x86_64-fedora-gcc 0.6.1 1036.10 NOTE
r-devel-windows-x86_64 0.6.1 295.00 310.00 605.00 NOTE
r-patched-linux-x86_64 0.6.1 401.12 303.74 704.86 NOTE
r-release-linux-x86_64 0.6.1 401.57 299.50 701.07 NOTE
r-release-macos-arm64 0.6.1 258.00 NOTE
r-release-macos-x86_64 0.6.1 425.00 NOTE
r-release-windows-x86_64 0.6.1 374.00 360.00 734.00 NOTE
r-oldrel-macos-arm64 0.6.1 212.00 NOTE
r-oldrel-windows-x86_64 0.6.1 370.00 348.00 718.00 OK

Check Details

Version: 0.6.1
Check: C++ specification
Result: NOTE Specified C++11: please drop specification unless essential Flavors: r-devel-linux-x86_64-debian-clang, r-devel-linux-x86_64-debian-gcc, r-devel-linux-x86_64-fedora-clang, r-devel-linux-x86_64-fedora-gcc, r-devel-windows-x86_64, r-patched-linux-x86_64, r-release-linux-x86_64, r-release-macos-arm64, r-release-macos-x86_64, r-release-windows-x86_64

Version: 0.6.1
Check: data for non-ASCII characters
Result: NOTE Note: found 989 marked UTF-8 strings Flavors: r-devel-linux-x86_64-fedora-clang, r-devel-linux-x86_64-fedora-gcc, r-oldrel-macos-arm64

Version: 0.6.1
Check: installed package size
Result: NOTE installed size is 19.6Mb sub-directories of 1Mb or more: libs 17.3Mb Flavors: r-release-macos-arm64, r-release-macos-x86_64, r-oldrel-macos-arm64