CRAN Package Check Results for Package greenclust

Last updated on 2021-12-01 19:51:37 CET.

Flavor Version Tinstall Tcheck Ttotal Status Flags
r-devel-linux-x86_64-debian-clang 1.1.0 2.45 24.99 27.44 NOTE
r-devel-linux-x86_64-debian-gcc 1.1.0 1.90 19.57 21.47 NOTE
r-devel-linux-x86_64-fedora-clang 1.1.0 44.58 NOTE
r-devel-linux-x86_64-fedora-gcc 1.1.0 33.94 NOTE
r-devel-windows-x86_64-new-UL 1.1.0 7.00 59.00 66.00 NOTE
r-devel-windows-x86_64-new-TK 1.1.0 NOTE
r-devel-windows-x86_64-old 1.1.0 4.00 31.00 35.00 NOTE
r-patched-linux-x86_64 1.1.0 2.54 23.98 26.52 NOTE
r-patched-solaris-x86 1.1.0 48.70 NOTE
r-release-linux-x86_64 1.1.0 2.30 24.04 26.34 NOTE
r-release-macos-arm64 1.1.0 NOTE
r-release-macos-x86_64 1.1.0 NOTE
r-release-windows-ix86+x86_64 1.1.0 8.00 29.00 37.00 NOTE
r-oldrel-macos-x86_64 1.1.0 OK
r-oldrel-windows-ix86+x86_64 1.1.0 5.00 43.00 48.00 OK

Check Details

Version: 1.1.0
Check: LazyData
Result: NOTE
     'LazyData' is specified without a 'data' directory
Flavors: r-devel-linux-x86_64-debian-clang, r-devel-linux-x86_64-debian-gcc, r-devel-linux-x86_64-fedora-clang, r-devel-linux-x86_64-fedora-gcc, r-devel-windows-x86_64-new-UL, r-devel-windows-x86_64-new-TK, r-devel-windows-x86_64-old, r-patched-linux-x86_64, r-patched-solaris-x86, r-release-linux-x86_64, r-release-macos-arm64, r-release-macos-x86_64, r-release-windows-ix86+x86_64