CRAN Package Check Results for Package greta.dynamics

Last updated on 2024-02-28 19:49:37 CET.

Flavor Version Tinstall Tcheck Ttotal Status Flags
r-devel-linux-x86_64-debian-clang 0.2.0 9.08 118.75 127.83 NOTE
r-devel-linux-x86_64-debian-gcc 0.2.0 8.83 88.70 97.53 NOTE
r-devel-linux-x86_64-fedora-clang 0.2.0 157.17 NOTE
r-devel-linux-x86_64-fedora-gcc 0.2.0 178.84 NOTE
r-devel-windows-x86_64 0.2.0 48.00 514.00 562.00 OK
r-patched-linux-x86_64 0.2.0 9.68 114.68 124.36 OK
r-release-linux-x86_64 0.2.0 12.46 113.37 125.83 OK
r-release-macos-arm64 0.2.0 56.00 OK
r-release-macos-x86_64 0.2.0 92.00 OK
r-release-windows-x86_64 0.2.0 19.00 199.00 218.00 OK
r-oldrel-macos-arm64 0.2.0 43.00 OK
r-oldrel-windows-x86_64 0.2.0 18.00 196.00 214.00 OK

Check Details

Version: 0.2.0
Check: Rd files
Result: NOTE checkRd: (-1) iterate_matrix.Rd:32-33: Lost braces in \itemize; \value handles \item{}{} directly checkRd: (-1) iterate_matrix.Rd:34-36: Lost braces in \itemize; \value handles \item{}{} directly checkRd: (-1) iterate_matrix.Rd:37-38: Lost braces in \itemize; \value handles \item{}{} directly checkRd: (-1) iterate_matrix.Rd:39-41: Lost braces in \itemize; \value handles \item{}{} directly checkRd: (-1) iterate_matrix.Rd:42-44: Lost braces in \itemize; \value handles \item{}{} directly Flavors: r-devel-linux-x86_64-debian-clang, r-devel-linux-x86_64-debian-gcc, r-devel-linux-x86_64-fedora-clang, r-devel-linux-x86_64-fedora-gcc