CRAN Package Check Results for Package greybox

Last updated on 2021-01-22 19:47:19 CET.

Flavor Version Tinstall Tcheck Ttotal Status Flags
r-devel-linux-x86_64-debian-clang 0.6.6 62.78 209.97 272.75 OK
r-devel-linux-x86_64-debian-gcc 0.6.6 45.40 172.03 217.43 OK
r-devel-linux-x86_64-fedora-clang 0.6.6 339.25 OK
r-devel-linux-x86_64-fedora-gcc 0.6.6 331.23 OK
r-devel-windows-ix86+x86_64 0.6.6 122.00 312.00 434.00 NOTE
r-patched-linux-x86_64 0.6.6 55.92 213.63 269.55 OK
r-patched-solaris-x86 0.6.6 390.80 OK
r-release-linux-x86_64 0.6.6 55.36 217.60 272.96 OK
r-release-macos-x86_64 0.6.6 OK
r-release-windows-ix86+x86_64 0.6.6 112.00 357.00 469.00 NOTE
r-oldrel-macos-x86_64 0.6.6 OK
r-oldrel-windows-ix86+x86_64 0.6.6 77.00 223.00 300.00 NOTE

Check Details

Version: 0.6.6
Check: package dependencies
Result: NOTE
    Package suggested but not available for checking: 'doMC'
Flavors: r-devel-windows-ix86+x86_64, r-release-windows-ix86+x86_64, r-oldrel-windows-ix86+x86_64

Version: 0.6.6
Check: installed package size
Result: NOTE
     installed size is 5.7Mb
     sub-directories of 1Mb or more:
     R 1.0Mb
     doc 2.4Mb
     libs 2.0Mb
Flavors: r-devel-windows-ix86+x86_64, r-release-windows-ix86+x86_64, r-oldrel-windows-ix86+x86_64