CRAN Package Check Results for Package gridtext

Last updated on 2021-12-03 19:50:12 CET.

Flavor Version Tinstall Tcheck Ttotal Status Flags
r-devel-linux-x86_64-debian-clang 0.1.4 40.77 37.13 77.90 NOTE
r-devel-linux-x86_64-debian-gcc 0.1.4 31.67 28.67 60.34 NOTE
r-devel-linux-x86_64-fedora-clang 0.1.4 122.34 NOTE
r-devel-linux-x86_64-fedora-gcc 0.1.4 105.17 NOTE
r-devel-windows-x86_64-new-UL 0.1.4 57.00 96.00 153.00 NOTE
r-devel-windows-x86_64-new-TK 0.1.4 NOTE
r-devel-windows-x86_64-old 0.1.4 54.00 49.00 103.00 NOTE
r-patched-linux-x86_64 0.1.4 37.62 35.60 73.22 NOTE
r-release-linux-x86_64 0.1.4 39.04 35.44 74.48 NOTE
r-release-macos-arm64 0.1.4 NOTE
r-release-macos-x86_64 0.1.4 NOTE
r-release-windows-ix86+x86_64 0.1.4 100.00 93.00 193.00 NOTE
r-oldrel-macos-x86_64 0.1.4 OK
r-oldrel-windows-ix86+x86_64 0.1.4 105.00 83.00 188.00 OK

Check Details

Version: 0.1.4
Check: LazyData
Result: NOTE
     'LazyData' is specified without a 'data' directory
Flavors: r-devel-linux-x86_64-debian-clang, r-devel-linux-x86_64-debian-gcc, r-devel-linux-x86_64-fedora-clang, r-devel-linux-x86_64-fedora-gcc, r-devel-windows-x86_64-new-UL, r-devel-windows-x86_64-new-TK, r-devel-windows-x86_64-old, r-patched-linux-x86_64, r-release-linux-x86_64, r-release-macos-arm64, r-release-macos-x86_64, r-release-windows-ix86+x86_64