Last updated on 2023-12-09 19:54:11 CET.
Flavor | Version | Tinstall | Tcheck | Ttotal | Status | Flags |
---|---|---|---|---|---|---|
r-devel-linux-x86_64-debian-clang | 0.15 | 291.42 | 140.81 | 432.23 | WARN | |
r-devel-linux-x86_64-debian-gcc | 0.15 | 210.34 | 102.95 | 313.29 | WARN | |
r-devel-linux-x86_64-fedora-clang | 0.15 | 610.36 | WARN | |||
r-devel-linux-x86_64-fedora-gcc | 0.15 | 629.77 | WARN | |||
r-devel-windows-x86_64 | 0.15 | 217.00 | 139.00 | 356.00 | WARN | |
r-patched-linux-x86_64 | 0.15 | 245.48 | 134.50 | 379.98 | WARN | |
r-release-linux-x86_64 | 0.15 | 262.00 | 132.72 | 394.72 | OK | |
r-release-macos-arm64 | 0.15 | 155.00 | NOTE | |||
r-release-macos-x86_64 | 0.15 | 248.00 | NOTE | |||
r-release-windows-x86_64 | 0.15 | 269.00 | 175.00 | 444.00 | WARN | |
r-oldrel-macos-arm64 | 0.15 | 126.00 | NOTE | |||
r-oldrel-macos-x86_64 | 0.15 | 218.00 | NOTE | |||
r-oldrel-windows-x86_64 | 0.15 | 261.00 | 172.00 | 433.00 | OK |
Version: 0.15
Check: whether package can be installed
Result: WARN
Found the following significant warnings:
gpdpmix_moves.cpp:1014:23: warning: 'insert_rows' is deprecated [-Wdeprecated-declarations]
gpdpmix_moves.cpp:1015:25: warning: 'insert_rows' is deprecated [-Wdeprecated-declarations]
sppmcarmix_moves.cpp:134:11: warning: 'insert_rows' is deprecated [-Wdeprecated-declarations]
sppmcarmix_moves.cpp:135:11: warning: 'insert_rows' is deprecated [-Wdeprecated-declarations]
See ‘/home/hornik/tmp/R.check/r-devel-clang/Work/PKGS/growfunctions.Rcheck/00install.out’ for details.
* used C compiler: ‘Debian clang version 17.0.5 (1)’
* used C++ compiler: ‘Debian clang version 17.0.5 (1)’
Flavor: r-devel-linux-x86_64-debian-clang
Version: 0.15
Check: Rd files
Result: NOTE
checkRd: (-1) MSPE.Rd:14: Lost braces; missing escapes or markup?
14 | \item{pos}{An \code{N x T} matrix with all entries either \code{0} or {1}, where a \code{1}
| ^
checkRd: (-1) cps.Rd:15: Lost braces; missing escapes or markup?
15 | months of \emph{2013}. The data include a {N x T} matrix, \code{y_raw}, of raw employment counts,
| ^
checkRd: (-1) cps.Rd:30: Lost braces; missing escapes or markup?
30 | \item dte. A \code{Date} vector of length {T} that presents the set of dates (in \code{y-m-d}
| ^
checkRd: (-1) gmrfdpPost.Rd:48: Lost braces; missing escapes or markup?
48 | \code{0} and row \code{i} contains the weight for each entry {!=i} divided by the sum
| ^
checkRd: (-1) gmrfdpcountPost.Rd:59: Lost braces; missing escapes or markup?
59 | \code{0} and row \code{i} contains the weight for each entry {!=i} divided by the sum
| ^
checkRd: (-1) gpBFixPost.Rd:6: Lost braces; missing escapes or markup?
6 | that co-samples latent functions, {bb_i}.}
| ^
checkRd: (-1) gpdpgrow.Rd:130: Lost braces; missing escapes or markup?
130 | for each covariance term, \code{p = 1,...,P}. Sets each {w_p} to lie in the 90 percent credible
| ^
checkRd: (-1) predict_plot.Rd:35: Lost braces; missing escapes or markup?
35 | {(T_train+1):(T_train + T_test)} for the list entry pointed to "predicted".}
| ^
Flavors: r-devel-linux-x86_64-debian-clang, r-devel-linux-x86_64-debian-gcc
Version: 0.15
Check: whether package can be installed
Result: WARN
Found the following significant warnings:
gpdpmix_moves.cpp:1014:48: warning: ‘void arma::Col<eT>::insert_rows(arma::uword, arma::uword, bool) [with eT = unsigned int; arma::uword = unsigned int]’ is deprecated [-Wdeprecated-declarations]
gpdpmix_moves.cpp:1015:36: warning: ‘void arma::Col<eT>::insert_rows(arma::uword, arma::uword, bool) [with eT = double; arma::uword = unsigned int]’ is deprecated [-Wdeprecated-declarations]
sppmcarmix_moves.cpp:134:22: warning: ‘void arma::Col<eT>::insert_rows(arma::uword, arma::uword, bool) [with eT = unsigned int; arma::uword = unsigned int]’ is deprecated [-Wdeprecated-declarations]
sppmcarmix_moves.cpp:135:22: warning: ‘void arma::Col<eT>::insert_rows(arma::uword, arma::uword, bool) [with eT = double; arma::uword = unsigned int]’ is deprecated [-Wdeprecated-declarations]
See ‘/home/hornik/tmp/R.check/r-devel-gcc/Work/PKGS/growfunctions.Rcheck/00install.out’ for details.
* used C compiler: ‘gcc-13 (Debian 13.2.0-7) 13.2.0’
* used C++ compiler: ‘g++-13 (Debian 13.2.0-7) 13.2.0’
Flavor: r-devel-linux-x86_64-debian-gcc
Version: 0.15
Check: whether package can be installed
Result: WARN
Found the following significant warnings:
gpdpmix_moves.cpp:1014:23: warning: 'insert_rows' is deprecated [-Wdeprecated-declarations]
gpdpmix_moves.cpp:1015:25: warning: 'insert_rows' is deprecated [-Wdeprecated-declarations]
sppmcarmix_moves.cpp:134:11: warning: 'insert_rows' is deprecated [-Wdeprecated-declarations]
sppmcarmix_moves.cpp:135:11: warning: 'insert_rows' is deprecated [-Wdeprecated-declarations]
See ‘/data/gannet/ripley/R/packages/tests-clang/growfunctions.Rcheck/00install.out’ for details.
* used C compiler: ‘clang version 17.0.5’
* used C++ compiler: ‘clang version 17.0.5’
Flavor: r-devel-linux-x86_64-fedora-clang
Version: 0.15
Check: whether package can be installed
Result: WARN
Found the following significant warnings:
gpdpmix_moves.cpp:1014:48: warning: 'void arma::Col<eT>::insert_rows(arma::uword, arma::uword, bool) [with eT = unsigned int; arma::uword = unsigned int]' is deprecated [-Wdeprecated-declarations]
gpdpmix_moves.cpp:1015:36: warning: 'void arma::Col<eT>::insert_rows(arma::uword, arma::uword, bool) [with eT = double; arma::uword = unsigned int]' is deprecated [-Wdeprecated-declarations]
sppmcarmix_moves.cpp:134:22: warning: 'void arma::Col<eT>::insert_rows(arma::uword, arma::uword, bool) [with eT = unsigned int; arma::uword = unsigned int]' is deprecated [-Wdeprecated-declarations]
sppmcarmix_moves.cpp:135:22: warning: 'void arma::Col<eT>::insert_rows(arma::uword, arma::uword, bool) [with eT = double; arma::uword = unsigned int]' is deprecated [-Wdeprecated-declarations]
See ‘/data/gannet/ripley/R/packages/tests-devel/growfunctions.Rcheck/00install.out’ for details.
* used C compiler: ‘gcc-13 (GCC) 13.2.0’
* used C++ compiler: ‘g++-13 (GCC) 13.2.0’
Flavor: r-devel-linux-x86_64-fedora-gcc
Version: 0.15
Check: whether package can be installed
Result: WARN
Found the following significant warnings:
gpdpmix_moves.cpp:1014:48: warning: 'void arma::Col<eT>::insert_rows(arma::uword, arma::uword, bool) [with eT = unsigned int; arma::uword = unsigned int]' is deprecated [-Wdeprecated-declarations]
gpdpmix_moves.cpp:1015:36: warning: 'void arma::Col<eT>::insert_rows(arma::uword, arma::uword, bool) [with eT = double; arma::uword = unsigned int]' is deprecated [-Wdeprecated-declarations]
sppmcarmix_moves.cpp:134:22: warning: 'void arma::Col<eT>::insert_rows(arma::uword, arma::uword, bool) [with eT = unsigned int; arma::uword = unsigned int]' is deprecated [-Wdeprecated-declarations]
sppmcarmix_moves.cpp:135:22: warning: 'void arma::Col<eT>::insert_rows(arma::uword, arma::uword, bool) [with eT = double; arma::uword = unsigned int]' is deprecated [-Wdeprecated-declarations]
See 'd:/Rcompile/CRANpkg/local/4.4/growfunctions.Rcheck/00install.out' for details.
* used C compiler: 'gcc.exe (GCC) 12.3.0'
* used C++ compiler: 'g++.exe (GCC) 12.3.0'
Flavor: r-devel-windows-x86_64
Version: 0.15
Check: whether package can be installed
Result: WARN
Found the following significant warnings:
gpdpmix_moves.cpp:1014:48: warning: ‘void arma::Col<eT>::insert_rows(arma::uword, arma::uword, bool) [with eT = unsigned int; arma::uword = unsigned int]’ is deprecated [-Wdeprecated-declarations]
gpdpmix_moves.cpp:1015:36: warning: ‘void arma::Col<eT>::insert_rows(arma::uword, arma::uword, bool) [with eT = double; arma::uword = unsigned int]’ is deprecated [-Wdeprecated-declarations]
sppmcarmix_moves.cpp:134:22: warning: ‘void arma::Col<eT>::insert_rows(arma::uword, arma::uword, bool) [with eT = unsigned int; arma::uword = unsigned int]’ is deprecated [-Wdeprecated-declarations]
sppmcarmix_moves.cpp:135:22: warning: ‘void arma::Col<eT>::insert_rows(arma::uword, arma::uword, bool) [with eT = double; arma::uword = unsigned int]’ is deprecated [-Wdeprecated-declarations]
See ‘/home/hornik/tmp/R.check/r-patched-gcc/Work/PKGS/growfunctions.Rcheck/00install.out’ for details.
* used C compiler: ‘gcc-13 (Debian 13.2.0-7) 13.2.0’
* used C++ compiler: ‘g++-13 (Debian 13.2.0-7) 13.2.0’
Flavor: r-patched-linux-x86_64
Version: 0.15
Check: installed package size
Result: NOTE
installed size is 14.4Mb
sub-directories of 1Mb or more:
libs 13.9Mb
Flavors: r-release-macos-arm64, r-release-macos-x86_64, r-oldrel-macos-arm64, r-oldrel-macos-x86_64
Version: 0.15
Check: whether package can be installed
Result: WARN
Found the following significant warnings:
gpdpmix_moves.cpp:1014:48: warning: 'void arma::Col<eT>::insert_rows(arma::uword, arma::uword, bool) [with eT = unsigned int; arma::uword = unsigned int]' is deprecated [-Wdeprecated-declarations]
gpdpmix_moves.cpp:1015:36: warning: 'void arma::Col<eT>::insert_rows(arma::uword, arma::uword, bool) [with eT = double; arma::uword = unsigned int]' is deprecated [-Wdeprecated-declarations]
sppmcarmix_moves.cpp:134:22: warning: 'void arma::Col<eT>::insert_rows(arma::uword, arma::uword, bool) [with eT = unsigned int; arma::uword = unsigned int]' is deprecated [-Wdeprecated-declarations]
sppmcarmix_moves.cpp:135:22: warning: 'void arma::Col<eT>::insert_rows(arma::uword, arma::uword, bool) [with eT = double; arma::uword = unsigned int]' is deprecated [-Wdeprecated-declarations]
See 'd:/Rcompile/CRANpkg/local/4.3/growfunctions.Rcheck/00install.out' for details.
* used C compiler: 'gcc.exe (GCC) 12.3.0'
* used C++ compiler: 'g++.exe (GCC) 12.3.0'
Flavor: r-release-windows-x86_64