CRAN Package Check Results for Package grpSLOPE

Last updated on 2021-11-30 19:51:24 CET.

Flavor Version Tinstall Tcheck Ttotal Status Flags
r-devel-linux-x86_64-debian-clang 0.3.0 20.72 55.44 76.16 NOTE
r-devel-linux-x86_64-debian-gcc 0.3.0 12.21 40.25 52.46 NOTE
r-devel-linux-x86_64-fedora-clang 0.3.0 105.29 NOTE
r-devel-linux-x86_64-fedora-gcc 0.3.0 88.24 NOTE
r-devel-windows-x86_64-new-UL 0.3.0 30.00 119.00 149.00 NOTE
r-devel-windows-x86_64-new-TK 0.3.0 NOTE
r-devel-windows-x86_64-old 0.3.0 26.00 66.00 92.00 NOTE
r-patched-linux-x86_64 0.3.0 17.17 52.82 69.99 NOTE
r-patched-solaris-x86 0.3.0 101.30 NOTE
r-release-linux-x86_64 0.3.0 17.11 54.09 71.20 NOTE
r-release-macos-arm64 0.3.0 NOTE
r-release-macos-x86_64 0.3.0 NOTE
r-release-windows-ix86+x86_64 0.3.0 44.00 88.00 132.00 NOTE
r-oldrel-macos-x86_64 0.3.0 OK
r-oldrel-windows-ix86+x86_64 0.3.0 33.00 87.00 120.00 OK

Check Details

Version: 0.3.0
Check: LazyData
Result: NOTE
     'LazyData' is specified without a 'data' directory
Flavors: r-devel-linux-x86_64-debian-clang, r-devel-linux-x86_64-debian-gcc, r-devel-linux-x86_64-fedora-clang, r-devel-linux-x86_64-fedora-gcc, r-devel-windows-x86_64-new-UL, r-devel-windows-x86_64-new-TK, r-devel-windows-x86_64-old, r-patched-linux-x86_64, r-patched-solaris-x86, r-release-linux-x86_64, r-release-macos-arm64, r-release-macos-x86_64, r-release-windows-ix86+x86_64