CRAN Package Check Results for Package gsisdecoder

Last updated on 2022-09-25 21:54:51 CEST.

Flavor Version Tinstall Tcheck Ttotal Status Flags
r-devel-linux-x86_64-debian-clang 0.0.1 20.77 30.03 50.80 NOTE
r-devel-linux-x86_64-debian-gcc 0.0.1 13.74 23.35 37.09 NOTE
r-devel-linux-x86_64-fedora-clang 0.0.1 74.38 NOTE
r-devel-linux-x86_64-fedora-gcc 0.0.1 79.26 NOTE
r-devel-windows-x86_64 0.0.1 22.00 72.00 94.00 NOTE
r-patched-linux-x86_64 0.0.1 16.23 29.03 45.26 NOTE
r-release-linux-x86_64 0.0.1 17.19 28.67 45.86 NOTE
r-release-macos-arm64 0.0.1 21.00 NOTE
r-release-macos-x86_64 0.0.1 28.00 NOTE
r-release-windows-x86_64 0.0.1 21.00 73.00 94.00 NOTE
r-oldrel-macos-arm64 0.0.1 25.00 NOTE
r-oldrel-macos-x86_64 0.0.1 40.00 NOTE
r-oldrel-windows-ix86+x86_64 0.0.1 43.00 77.00 120.00 NOTE

Check Details

Version: 0.0.1
Check: LazyData
Result: NOTE
     'LazyData' is specified without a 'data' directory
Flavors: r-devel-linux-x86_64-debian-clang, r-devel-linux-x86_64-debian-gcc, r-devel-linux-x86_64-fedora-clang, r-devel-linux-x86_64-fedora-gcc, r-devel-windows-x86_64, r-patched-linux-x86_64, r-release-linux-x86_64, r-release-macos-arm64, r-release-macos-x86_64, r-release-windows-x86_64, r-oldrel-macos-arm64, r-oldrel-macos-x86_64, r-oldrel-windows-ix86+x86_64

Version: 0.0.1
Check: Rd cross-references
Result: NOTE
    Undeclared package ‘nflfastR’ in Rd xrefs
Flavor: r-devel-linux-x86_64-fedora-clang