Last updated on 2023-11-28 19:55:13 CET.
Flavor | Version | Tinstall | Tcheck | Ttotal | Status | Flags |
---|---|---|---|---|---|---|
r-devel-linux-x86_64-debian-clang | 2.1-1 | 27.20 | 241.06 | 268.26 | NOTE | |
r-devel-linux-x86_64-debian-gcc | 2.1-1 | 20.98 | 184.42 | 205.40 | NOTE | |
r-devel-linux-x86_64-fedora-clang | 2.1-1 | 325.26 | OK | |||
r-devel-linux-x86_64-fedora-gcc | 2.1-1 | 357.21 | OK | |||
r-devel-windows-x86_64 | 2.1-1 | 32.00 | 260.00 | 292.00 | OK | |
r-patched-linux-x86_64 | 2.1-1 | 29.02 | 234.19 | 263.21 | OK | |
r-release-linux-x86_64 | 2.1-1 | 25.21 | 232.27 | 257.48 | OK | |
r-release-macos-arm64 | 2.1-1 | 112.00 | OK | |||
r-release-macos-x86_64 | 2.1-1 | 203.00 | OK | |||
r-release-windows-x86_64 | 2.1-1 | 41.00 | 303.00 | 344.00 | OK | |
r-oldrel-macos-arm64 | 2.1-1 | 105.00 | OK | |||
r-oldrel-macos-x86_64 | 2.1-1 | 141.00 | OK | |||
r-oldrel-windows-x86_64 | 2.1-1 | 37.00 | 298.00 | 335.00 | OK |
Version: 2.1-1
Check: Rd files
Result: NOTE
checkRd: (-1) jura.Rd:29: Lost braces; missing escapes or markup?
29 | \item{Cd}{ mg cadmium kg^{-1} topsoil }
| ^
checkRd: (-1) jura.Rd:30: Lost braces; missing escapes or markup?
30 | \item{Co}{ mg cobalt kg^{-1} topsoil }
| ^
checkRd: (-1) jura.Rd:31: Lost braces; missing escapes or markup?
31 | \item{Cr}{ mg chromium kg^{-1} topsoil }
| ^
checkRd: (-1) jura.Rd:32: Lost braces; missing escapes or markup?
32 | \item{Cu}{ mg copper kg^{-1} topsoil }
| ^
checkRd: (-1) jura.Rd:33: Lost braces; missing escapes or markup?
33 | \item{Ni}{ mg nickel kg^{-1} topsoil }
| ^
checkRd: (-1) jura.Rd:34: Lost braces; missing escapes or markup?
34 | \item{Pb}{ mg lead kg^{-1} topsoil }
| ^
checkRd: (-1) jura.Rd:35: Lost braces; missing escapes or markup?
35 | \item{Zn}{ mg zinc kg^{-1} topsoil }
| ^
checkRd: (-1) variogramST.Rd:49: Lost braces; missing escapes or markup?
49 | time lag $t$, the pseudo cross variogram $(Z_i(s)-Z_{i+t}(s+h))^2$ is averaged over all time
| ^
checkRd: (-1) variogramST.Rd:50: Lost braces; missing escapes or markup?
50 | lagged observation sets $Z_i$ and $Z_{i+t}$ available (weighted by the number of pairs involved).
| ^
Flavors: r-devel-linux-x86_64-debian-clang, r-devel-linux-x86_64-debian-gcc