CRAN Package Check Results for Package gte

Last updated on 2024-05-23 21:50:43 CEST.

Flavor Version Tinstall Tcheck Ttotal Status Flags
r-devel-linux-x86_64-debian-clang 1.2-3 6.49 66.29 72.78 NOTE
r-devel-linux-x86_64-debian-gcc 1.2-3 6.08 49.54 55.62 NOTE
r-devel-linux-x86_64-fedora-clang 1.2-3 88.92 NOTE
r-devel-linux-x86_64-fedora-gcc 1.2-3 86.00 NOTE
r-devel-windows-x86_64 1.2-3 9.00 65.00 74.00 NOTE
r-patched-linux-x86_64 1.2-3 8.80 63.84 72.64 NOTE
r-release-linux-x86_64 1.2-3 8.62 63.43 72.05 NOTE
r-release-macos-arm64 1.2-3 31.00 NOTE
r-release-windows-x86_64 1.2-3 10.00 67.00 77.00 NOTE
r-oldrel-macos-arm64 1.2-3 33.00 OK
r-oldrel-macos-x86_64 1.2-3 54.00 OK
r-oldrel-windows-x86_64 1.2-3 11.00 75.00 86.00 OK

Check Details

Version: 1.2-3
Check: Rd files
Result: NOTE checkRd: (-1) gte.Rd:98: Lost braces; missing escapes or markup? 98 | \code{left} and {right} for illustrative purpose), one would need a third variable (\code{status}) taking the value 0 | ^ Flavors: r-devel-linux-x86_64-debian-clang, r-devel-linux-x86_64-debian-gcc, r-devel-linux-x86_64-fedora-clang, r-devel-linux-x86_64-fedora-gcc, r-devel-windows-x86_64, r-patched-linux-x86_64, r-release-linux-x86_64, r-release-macos-arm64, r-release-windows-x86_64