CRAN Package Check Results for Package gunit

Last updated on 2022-05-26 21:50:07 CEST.

Flavor Version Tinstall Tcheck Ttotal Status Flags
r-devel-linux-x86_64-debian-clang 1.0.0 4.71 56.50 61.21 NOTE
r-devel-linux-x86_64-debian-gcc 1.0.0 4.47 48.18 52.65 NOTE
r-devel-linux-x86_64-fedora-clang 1.0.0 71.57 NOTE
r-devel-linux-x86_64-fedora-gcc 1.0.0 69.26 NOTE
r-devel-windows-x86_64 1.0.0 14.00 73.00 87.00 NOTE
r-patched-linux-x86_64 1.0.0 5.12 52.09 57.21 NOTE
r-release-linux-x86_64 1.0.0 4.93 53.17 58.10 NOTE
r-release-macos-arm64 1.0.0 21.00 NOTE
r-release-macos-x86_64 1.0.0 31.00 NOTE
r-release-windows-x86_64 1.0.0 12.00 69.00 81.00 NOTE
r-oldrel-macos-arm64 1.0.0 28.00 NOTE
r-oldrel-macos-x86_64 1.0.0 32.00 NOTE
r-oldrel-windows-ix86+x86_64 1.0.0 13.00 66.00 79.00 NOTE

Check Details

Version: 1.0.0
Check: LazyData
Result: NOTE
     'LazyData' is specified without a 'data' directory
Flavors: r-devel-linux-x86_64-debian-clang, r-devel-linux-x86_64-debian-gcc, r-devel-linux-x86_64-fedora-clang, r-devel-linux-x86_64-fedora-gcc, r-devel-windows-x86_64, r-patched-linux-x86_64, r-release-linux-x86_64, r-release-macos-arm64, r-release-macos-x86_64, r-release-windows-x86_64, r-oldrel-macos-arm64, r-oldrel-macos-x86_64, r-oldrel-windows-ix86+x86_64