CRAN Package Check Results for Package gwerAM

Last updated on 2021-11-29 19:51:31 CET.

Flavor Version Tinstall Tcheck Ttotal Status Flags
r-devel-linux-x86_64-debian-clang 1.0 6.87 65.12 71.99 NOTE
r-devel-linux-x86_64-debian-gcc 1.0 3.79 51.54 55.33 NOTE
r-devel-linux-x86_64-fedora-clang 1.0 98.49 NOTE
r-devel-linux-x86_64-fedora-gcc 1.0 87.90 NOTE
r-devel-windows-x86_64-new-UL 1.0 12.00 108.00 120.00 NOTE
r-devel-windows-x86_64-new-TK 1.0 NOTE
r-devel-windows-x86_64-old 1.0 10.00 62.00 72.00 NOTE
r-patched-linux-x86_64 1.0 7.04 63.49 70.53 NOTE
r-patched-solaris-x86 1.0 134.00 NOTE
r-release-linux-x86_64 1.0 7.16 64.39 71.55 NOTE
r-release-macos-arm64 1.0 NOTE
r-release-macos-x86_64 1.0 NOTE
r-release-windows-ix86+x86_64 1.0 15.00 62.00 77.00 NOTE
r-oldrel-macos-x86_64 1.0 NOTE
r-oldrel-windows-ix86+x86_64 1.0 10.00 88.00 98.00 NOTE

Check Details

Version: 1.0
Check: top-level files
Result: NOTE
    Non-standard file/directory found at top level:
     'TITEL'
Flavors: r-devel-linux-x86_64-debian-clang, r-devel-linux-x86_64-debian-gcc, r-devel-linux-x86_64-fedora-clang, r-devel-linux-x86_64-fedora-gcc, r-patched-linux-x86_64, r-release-linux-x86_64

Version: 1.0
Check: R code for possible problems
Result: NOTE
    calculate.threshold: no visible global function definition for 'pchisq'
    gwerAM: no visible global function definition for 'rnorm'
    gwerAM: no visible binding for global variable 'quantile'
    Undefined global functions or variables:
     pchisq quantile rnorm
    Consider adding
     importFrom("stats", "pchisq", "quantile", "rnorm")
    to your NAMESPACE file.
Flavors: r-devel-linux-x86_64-debian-clang, r-devel-linux-x86_64-debian-gcc, r-devel-linux-x86_64-fedora-clang, r-devel-linux-x86_64-fedora-gcc, r-devel-windows-x86_64-new-UL, r-devel-windows-x86_64-new-TK, r-devel-windows-x86_64-old, r-patched-linux-x86_64, r-patched-solaris-x86, r-release-linux-x86_64, r-release-macos-arm64, r-release-macos-x86_64, r-release-windows-ix86+x86_64, r-oldrel-macos-x86_64, r-oldrel-windows-ix86+x86_64