Last updated on 2023-02-04 19:58:12 CET.
Flavor | Version | Tinstall | Tcheck | Ttotal | Status | Flags |
---|---|---|---|---|---|---|
r-devel-linux-x86_64-debian-clang | 1.1.1 | 31.57 | 114.34 | 145.91 | NOTE | |
r-devel-linux-x86_64-debian-gcc | 1.1.1 | 25.14 | 86.37 | 111.51 | NOTE | |
r-devel-linux-x86_64-fedora-clang | 1.1.1 | 184.62 | NOTE | |||
r-devel-linux-x86_64-fedora-gcc | 1.1.1 | 185.62 | NOTE | |||
r-devel-windows-x86_64 | 1.1.1 | 53.00 | 160.00 | 213.00 | NOTE | |
r-patched-linux-x86_64 | 1.1.1 | 25.77 | 109.59 | 135.36 | OK | |
r-release-linux-x86_64 | 1.1.1 | 23.06 | 114.08 | 137.14 | OK | |
r-release-macos-arm64 | 1.1.1 | 52.00 | OK | |||
r-release-macos-x86_64 | 1.1.1 | 70.00 | OK | |||
r-release-windows-x86_64 | 1.1.1 | 52.00 | 167.00 | 219.00 | OK | |
r-oldrel-macos-arm64 | 1.1.1 | 45.00 | OK | |||
r-oldrel-macos-x86_64 | 1.1.1 | 64.00 | OK | |||
r-oldrel-windows-ix86+x86_64 | 1.1.1 | 74.00 | 209.00 | 283.00 | OK |
Version: 1.1.1
Check: C++ specification
Result: NOTE
Specified C++11: please update to current default of C++17
Flavors: r-devel-linux-x86_64-debian-clang, r-devel-linux-x86_64-debian-gcc, r-devel-linux-x86_64-fedora-clang, r-devel-linux-x86_64-fedora-gcc, r-devel-windows-x86_64