CRAN Package Check Results for Package hSDM

Last updated on 2023-01-28 19:52:17 CET.

Flavor Version Tinstall Tcheck Ttotal Status Flags
r-devel-linux-x86_64-debian-clang 1.4.1 22.08 148.39 170.47 WARN
r-devel-linux-x86_64-debian-gcc 1.4.1 15.85 109.26 125.11 WARN
r-devel-linux-x86_64-fedora-clang 1.4.1 209.80 WARN
r-devel-linux-x86_64-fedora-gcc 1.4.1 212.47 WARN
r-devel-windows-x86_64 1.4.1 51.00 253.00 304.00 OK
r-patched-linux-x86_64 1.4.1 17.94 143.25 161.19 OK
r-release-linux-x86_64 1.4.1 16.80 142.21 159.01 OK
r-release-macos-arm64 1.4.1 67.00 OK
r-release-macos-x86_64 1.4.1 95.00 OK
r-release-windows-x86_64 1.4.1 80.00 264.00 344.00 OK
r-oldrel-macos-arm64 1.4.1 68.00 OK
r-oldrel-macos-x86_64 1.4.1 139.00 OK
r-oldrel-windows-ix86+x86_64 1.4.1 50.00 247.00 297.00 OK

Check Details

Version: 1.4.1
Check: whether package can be installed
Result: WARN
    Found the following significant warnings:
     ./useful.h:6:15: warning: a function declaration without a prototype is deprecated in all versions of C [-Wstrict-prototypes]
    See ‘/home/hornik/tmp/R.check/r-devel-clang/Work/PKGS/hSDM.Rcheck/00install.out’ for details.
    * used C compiler: ‘Debian clang version 15.0.6’
Flavor: r-devel-linux-x86_64-debian-clang

Version: 1.4.1
Check: whether package can be installed
Result: WARN
    Found the following significant warnings:
     useful.h:6:1: warning: function declaration isn’t a prototype [-Wstrict-prototypes]
    See ‘/home/hornik/tmp/R.check/r-devel-gcc/Work/PKGS/hSDM.Rcheck/00install.out’ for details.
    * used C compiler: ‘gcc-12 (Debian 12.2.0-14) 12.2.0’
Flavor: r-devel-linux-x86_64-debian-gcc

Version: 1.4.1
Check: whether package can be installed
Result: WARN
    Found the following significant warnings:
     ./useful.h:6:15: warning: a function declaration without a prototype is deprecated in all versions of C [-Wstrict-prototypes]
    See ‘/data/gannet/ripley/R/packages/tests-clang/hSDM.Rcheck/00install.out’ for details.
    * used C compiler: ‘clang version 15.0.7’
Flavor: r-devel-linux-x86_64-fedora-clang

Version: 1.4.1
Check: whether package can be installed
Result: WARN
    Found the following significant warnings:
     useful.h:6:1: warning: function declaration isn’t a prototype [-Wstrict-prototypes]
    See ‘/data/gannet/ripley/R/packages/tests-devel/hSDM.Rcheck/00install.out’ for details.
    * used C compiler: ‘gcc (GCC) 12.2.1 20221121 (Red Hat 12.2.1-4)’
Flavor: r-devel-linux-x86_64-fedora-gcc