CRAN Package Check Results for Package hal9001

Last updated on 2023-02-05 19:51:16 CET.

Flavor Version Tinstall Tcheck Ttotal Status Flags
r-devel-linux-x86_64-debian-clang 0.4.3 83.11 693.43 776.54 OK
r-devel-linux-x86_64-debian-gcc 0.4.3 68.62 498.25 566.87 OK
r-devel-linux-x86_64-fedora-clang 0.4.3 821.09 OK
r-devel-linux-x86_64-fedora-gcc 0.4.3 943.78 OK
r-devel-windows-x86_64 0.4.3 99.00 1172.00 1271.00 OK
r-patched-linux-x86_64 0.4.3 68.59 631.60 700.19 OK
r-release-linux-x86_64 0.4.3 65.12 649.27 714.39 OK
r-release-macos-arm64 0.4.3 280.00 OK
r-release-macos-x86_64 0.4.3 306.00 OK
r-release-windows-x86_64 0.4.3 91.00 1156.00 1247.00 OK
r-oldrel-macos-arm64 0.4.3 253.00 NOTE
r-oldrel-macos-x86_64 0.4.3 313.00 OK
r-oldrel-windows-ix86+x86_64 0.4.3 184.00 1367.00 1551.00 WARN

Check Details

Version: 0.4.3
Check: installed package size
Result: NOTE
     installed size is 5.5Mb
     sub-directories of 1Mb or more:
     libs 5.0Mb
Flavor: r-oldrel-macos-arm64

Version: 0.4.3
Check: for unstated dependencies in ‘tests’
Result: WARN
    Warning: unable to access index for repository https://bioconductor.org/packages/3.14/bioc/src/contrib:
     cannot open URL 'https://bioconductor.org/packages/3.14/bioc/src/contrib/PACKAGES'
    Warning: unable to access index for repository https://bioconductor.org/packages/3.14/data/annotation/src/contrib:
     cannot open URL 'https://bioconductor.org/packages/3.14/data/annotation/src/contrib/PACKAGES'
    Warning: unable to access index for repository https://bioconductor.org/packages/3.14/data/experiment/src/contrib:
     cannot open URL 'https://bioconductor.org/packages/3.14/data/experiment/src/contrib/PACKAGES'
Flavor: r-oldrel-windows-ix86+x86_64