CRAN Package Check Results for Package haven

Last updated on 2021-11-30 19:51:25 CET.

Flavor Version Tinstall Tcheck Ttotal Status Flags
r-devel-linux-x86_64-debian-clang 2.4.3 30.99 51.47 82.46 NOTE
r-devel-linux-x86_64-debian-gcc 2.4.3 24.21 39.42 63.63 NOTE
r-devel-linux-x86_64-fedora-clang 2.4.3 122.13 NOTE
r-devel-linux-x86_64-fedora-gcc 2.4.3 109.62 NOTE
r-devel-windows-x86_64-new-UL 2.4.3 80.00 127.00 207.00 WARN
r-devel-windows-x86_64-new-TK 2.4.3 WARN
r-devel-windows-x86_64-old 2.4.3 55.00 73.00 128.00 NOTE
r-patched-linux-x86_64 2.4.3 18.57 49.66 68.23 NOTE
r-patched-solaris-x86 2.4.3 128.40 NOTE
r-release-linux-x86_64 2.4.3 27.81 48.89 76.70 NOTE
r-release-macos-arm64 2.4.3 NOTE
r-release-macos-x86_64 2.4.3 NOTE
r-release-windows-ix86+x86_64 2.4.3 103.00 83.00 186.00 NOTE
r-oldrel-macos-x86_64 2.4.3 NOTE
r-oldrel-windows-ix86+x86_64 2.4.3 82.00 110.00 192.00 NOTE

Check Details

Version: 2.4.3
Check: for GNU extensions in Makefiles
Result: NOTE
    GNU make is a SystemRequirements.
Flavors: r-devel-linux-x86_64-debian-clang, r-devel-linux-x86_64-debian-gcc, r-devel-linux-x86_64-fedora-clang, r-devel-linux-x86_64-fedora-gcc, r-devel-windows-x86_64-new-UL, r-devel-windows-x86_64-new-TK, r-devel-windows-x86_64-old, r-patched-linux-x86_64, r-patched-solaris-x86, r-release-linux-x86_64, r-release-macos-arm64, r-release-macos-x86_64, r-release-windows-ix86+x86_64, r-oldrel-macos-x86_64, r-oldrel-windows-ix86+x86_64

Version: 2.4.3
Check: Rd cross-references
Result: NOTE
    Undeclared package ‘dplyr’ in Rd xrefs
Flavor: r-devel-linux-x86_64-fedora-clang

Version: 2.4.3
Check: whether package can be installed
Result: WARN
    Found the following significant warnings:
     readstat/sas/readstat_sas.c:332:21: warning: too many arguments for format [-Wformat-extra-args]
     readstat/sas/readstat_sas7bdat_read.c:1016:66: warning: too many arguments for format [-Wformat-extra-args]
     readstat/sas/readstat_sas7bdat_read.c:1052:25: warning: too many arguments for format [-Wformat-extra-args]
     readstat/sas/readstat_sas7bdat_read.c:1078:66: warning: too many arguments for format [-Wformat-extra-args]
     readstat/sas/readstat_sas7bdat_read.c:1118:25: warning: too many arguments for format [-Wformat-extra-args]
     readstat/sas/readstat_sas7bdat_read.c:1151:25: warning: too many arguments for format [-Wformat-extra-args]
     readstat/sas/readstat_sas7bdat_read.c:1255:62: warning: too many arguments for format [-Wformat-extra-args]
     readstat/spss/readstat_por_read.c:129:52: warning: too many arguments for format [-Wformat-extra-args]
     readstat/spss/readstat_por_read.c:140:52: warning: too many arguments for format [-Wformat-extra-args]
     readstat/spss/readstat_por_write.c:64:52: warning: too many arguments for format [-Wformat-extra-args]
     readstat/spss/readstat_sav_write.c:1307:66: warning: '%d' directive output may be truncated writing between 1 and 10 bytes into a region of size 8 [-Wformat-truncation=]
     readstat/stata/readstat_dta_read.c:202:25: warning: too many arguments for format [-Wformat-extra-args]
     readstat/stata/readstat_dta_read.c:419:62: warning: too many arguments for format [-Wformat-extra-args]
     readstat/stata/readstat_dta_read.c:717:62: warning: too many arguments for format [-Wformat-extra-args]
     readstat/stata/readstat_dta_read.c:994:62: warning: too many arguments for format [-Wformat-extra-args]
Flavors: r-devel-windows-x86_64-new-UL, r-devel-windows-x86_64-new-TK