CRAN Package Check Results for Package hawkesbow

Last updated on 2024-02-22 19:55:34 CET.

Flavor Version Tinstall Tcheck Ttotal Status Flags
r-devel-linux-x86_64-debian-clang 1.0.3 OK
r-devel-linux-x86_64-debian-gcc 1.0.3 127.52 76.58 204.10 OK
r-devel-linux-x86_64-fedora-clang 1.0.3 372.72 OK
r-devel-linux-x86_64-fedora-gcc 1.0.3 416.45 OK
r-devel-windows-x86_64 1.0.3 117.00 128.00 245.00 OK
r-patched-linux-x86_64 1.0.3 115.33 101.10 216.43 OK
r-release-linux-x86_64 1.0.3 115.91 101.25 217.16 OK
r-release-macos-arm64 1.0.3 91.00 NOTE
r-release-macos-x86_64 1.0.3 124.00 NOTE
r-release-windows-x86_64 1.0.3 150.00 147.00 297.00 OK
r-oldrel-macos-arm64 1.0.3 76.00 NOTE
r-oldrel-windows-x86_64 1.0.3 144.00 142.00 286.00 OK

Check Details

Version: 1.0.3
Check: installed package size
Result: NOTE installed size is 11.9Mb sub-directories of 1Mb or more: libs 11.4Mb Flavors: r-release-macos-arm64, r-release-macos-x86_64, r-oldrel-macos-arm64