CRAN Package Check Results for Package hchinamap

Last updated on 2023-05-29 22:04:22 CEST.

Flavor Version Tinstall Tcheck Ttotal Status Flags
r-devel-linux-x86_64-debian-clang 0.1.0 3.17 32.17 35.34 NOTE
r-devel-linux-x86_64-debian-gcc 0.1.0 2.65 25.34 27.99 NOTE
r-devel-linux-x86_64-fedora-clang 0.1.0 45.21 NOTE
r-devel-linux-x86_64-fedora-gcc 0.1.0 53.38 NOTE
r-devel-windows-x86_64 0.1.0 7.00 45.00 52.00 NOTE
r-patched-linux-x86_64 0.1.0 3.36 31.15 34.51 NOTE
r-release-linux-x86_64 0.1.0 3.37 31.13 34.50 NOTE
r-release-macos-arm64 0.1.0 27.00 NOTE
r-release-macos-x86_64 0.1.0 37.00 NOTE
r-release-windows-x86_64 0.1.0 7.00 49.00 56.00 NOTE
r-oldrel-macos-arm64 0.1.0 20.00 NOTE
r-oldrel-macos-x86_64 0.1.0 28.00 NOTE
r-oldrel-windows-x86_64 0.1.0 7.00 53.00 60.00 NOTE

Check Details

Version: 0.1.0
Check: LazyData
Result: NOTE
     'LazyData' is specified without a 'data' directory
Flavors: r-devel-linux-x86_64-debian-clang, r-devel-linux-x86_64-debian-gcc, r-devel-linux-x86_64-fedora-clang, r-devel-linux-x86_64-fedora-gcc, r-devel-windows-x86_64, r-patched-linux-x86_64, r-release-linux-x86_64, r-release-macos-arm64, r-release-macos-x86_64, r-release-windows-x86_64, r-oldrel-macos-arm64, r-oldrel-macos-x86_64, r-oldrel-windows-x86_64

Version: 0.1.0
Check: installed package size
Result: NOTE
     installed size is 5.6Mb
     sub-directories of 1Mb or more:
     doc 2.7Mb
     htmlwidgets 2.8Mb
Flavors: r-devel-linux-x86_64-fedora-clang, r-devel-windows-x86_64, r-release-macos-arm64, r-release-macos-x86_64, r-release-windows-x86_64, r-oldrel-macos-arm64, r-oldrel-macos-x86_64, r-oldrel-windows-x86_64