Last updated on 2023-12-07 19:58:30 CET.
Flavor | Version | Tinstall | Tcheck | Ttotal | Status | Flags |
---|---|---|---|---|---|---|
r-devel-linux-x86_64-debian-clang | 0.9.0 | 34.03 | 44.39 | 78.42 | NOTE | |
r-devel-linux-x86_64-debian-gcc | 0.9.0 | 24.48 | 34.33 | 58.81 | NOTE | |
r-devel-linux-x86_64-fedora-clang | 0.9.0 | 111.55 | NOTE | |||
r-devel-linux-x86_64-fedora-gcc | 0.9.0 | 120.41 | NOTE | |||
r-devel-windows-x86_64 | 0.9.0 | 28.00 | 79.00 | 107.00 | NOTE | |
r-patched-linux-x86_64 | 0.9.0 | 30.47 | 42.86 | 73.33 | NOTE | |
r-release-linux-x86_64 | 0.9.0 | 26.04 | 42.47 | 68.51 | NOTE | |
r-release-macos-arm64 | 0.9.0 | 46.00 | NOTE | |||
r-release-macos-x86_64 | 0.9.0 | 69.00 | NOTE | |||
r-release-windows-x86_64 | 0.9.0 | 36.00 | 85.00 | 121.00 | NOTE | |
r-oldrel-macos-arm64 | 0.9.0 | 41.00 | OK | |||
r-oldrel-macos-x86_64 | 0.9.0 | 49.00 | OK | |||
r-oldrel-windows-x86_64 | 0.9.0 | 33.00 | 83.00 | 116.00 | OK |
Version: 0.9.0
Check: C++ specification
Result: NOTE
Specified C++11: please drop specification unless essential
Flavors: r-devel-linux-x86_64-debian-clang, r-devel-linux-x86_64-debian-gcc, r-devel-linux-x86_64-fedora-clang, r-devel-linux-x86_64-fedora-gcc, r-devel-windows-x86_64, r-patched-linux-x86_64, r-release-linux-x86_64, r-release-macos-arm64, r-release-macos-x86_64, r-release-windows-x86_64