CRAN Package Check Results for Package hdmed

Last updated on 2024-02-26 19:50:10 CET.

Flavor Version Tinstall Tcheck Ttotal Status Flags
r-devel-linux-x86_64-debian-clang 1.0.0 18.54 159.66 178.20 NOTE
r-devel-linux-x86_64-debian-gcc 1.0.0 13.45 114.10 127.55 NOTE
r-devel-linux-x86_64-fedora-clang 1.0.0 220.67 NOTE
r-devel-linux-x86_64-fedora-gcc 1.0.0 216.24 OK
r-devel-windows-x86_64 1.0.0 15.00 119.00 134.00 OK
r-patched-linux-x86_64 1.0.0 22.33 153.41 175.74 OK
r-release-linux-x86_64 1.0.0 12.00 152.34 164.34 OK
r-release-macos-arm64 1.0.0 68.00 OK
r-release-macos-x86_64 1.0.0 100.00 OK
r-release-windows-x86_64 1.0.0 20.00 150.00 170.00 OK
r-oldrel-macos-arm64 1.0.0 45.00 OK
r-oldrel-windows-x86_64 1.0.0 22.00 147.00 169.00 OK

Check Details

Version: 1.0.0
Check: Rd files
Result: NOTE checkRd: (-1) mediate_bslmm.Rd:65-67: Lost braces in \itemize; \value handles \item{}{} directly checkRd: (-1) mediate_bslmm.Rd:68-69: Lost braces in \itemize; \value handles \item{}{} directly checkRd: (-1) mediate_hdma.Rd:49-50: Lost braces in \itemize; \value handles \item{}{} directly checkRd: (-1) mediate_hdma.Rd:51-52: Lost braces in \itemize; \value handles \item{}{} directly checkRd: (-1) mediate_hdmm.Rd:65-66: Lost braces in \itemize; \value handles \item{}{} directly checkRd: (-1) mediate_hdmm.Rd:67-68: Lost braces in \itemize; \value handles \item{}{} directly checkRd: (-1) mediate_hdmm.Rd:69-70: Lost braces in \itemize; \value handles \item{}{} directly checkRd: (-1) mediate_hima.Rd:46-47: Lost braces in \itemize; \value handles \item{}{} directly checkRd: (-1) mediate_hima.Rd:48-49: Lost braces in \itemize; \value handles \item{}{} directly checkRd: (-1) mediate_medfix.Rd:52-53: Lost braces in \itemize; \value handles \item{}{} directly checkRd: (-1) mediate_medfix.Rd:54-55: Lost braces in \itemize; \value handles \item{}{} directly checkRd: (-1) mediate_pcma.Rd:53: Lost braces in \itemize; \value handles \item{}{} directly checkRd: (-1) mediate_pcma.Rd:54: Lost braces in \itemize; \value handles \item{}{} directly checkRd: (-1) mediate_pcma.Rd:56-57: Lost braces in \itemize; \value handles \item{}{} directly checkRd: (-1) mediate_pcma.Rd:58-59: Lost braces in \itemize; \value handles \item{}{} directly checkRd: (-1) mediate_plasso.Rd:58: Lost braces in \itemize; \value handles \item{}{} directly checkRd: (-1) mediate_plasso.Rd:59: Lost braces in \itemize; \value handles \item{}{} directly checkRd: (-1) mediate_plasso.Rd:60: Lost braces in \itemize; \value handles \item{}{} directly checkRd: (-1) mediate_plasso.Rd:61: Lost braces in \itemize; \value handles \item{}{} directly checkRd: (-1) mediate_plasso.Rd:62: Lost braces in \itemize; \value handles \item{}{} directly checkRd: (-1) mediate_spcma.Rd:79: Lost braces in \itemize; \value handles \item{}{} directly checkRd: (-1) mediate_spcma.Rd:80: Lost braces in \itemize; \value handles \item{}{} directly checkRd: (-1) mediate_spcma.Rd:82-83: Lost braces in \itemize; \value handles \item{}{} directly checkRd: (-1) mediate_spcma.Rd:84-85: Lost braces in \itemize; \value handles \item{}{} directly Flavors: r-devel-linux-x86_64-debian-clang, r-devel-linux-x86_64-debian-gcc, r-devel-linux-x86_64-fedora-clang