CRAN Package Check Results for Package hdpGLM

Last updated on 2024-03-03 19:56:24 CET.

Flavor Version Tinstall Tcheck Ttotal Status Flags
r-devel-linux-x86_64-debian-clang 1.0.3 175.40 201.81 377.21 OK
r-devel-linux-x86_64-debian-gcc 1.0.3 132.25 157.04 289.29 OK
r-devel-linux-x86_64-fedora-clang 1.0.3 521.01 NOTE
r-devel-linux-x86_64-fedora-gcc 1.0.3 568.41 NOTE
r-devel-windows-x86_64 1.0.3 132.00 207.00 339.00 OK
r-patched-linux-x86_64 1.0.3 147.96 206.25 354.21 OK
r-release-linux-x86_64 1.0.3 160.85 210.37 371.22 OK
r-release-macos-arm64 1.0.3 89.00 NOTE
r-release-macos-x86_64 1.0.3 128.00 NOTE
r-release-windows-x86_64 1.0.3 170.00 234.00 404.00 OK
r-oldrel-macos-arm64 1.0.3 113.00 NOTE
r-oldrel-windows-x86_64 1.0.3 143.00 223.00 366.00 OK

Check Details

Version: 1.0.3
Check: package dependencies
Result: NOTE Imports includes 24 non-default packages. Importing from so many packages makes the package vulnerable to any of them becoming unavailable. Move as many as possible to Suggests and use conditionally. Flavor: r-devel-linux-x86_64-fedora-clang

Version: 1.0.3
Check: dependencies in R code
Result: NOTE Namespaces in Imports field not imported from: ‘MCMCpack’ ‘ggjoy’ ‘isotone’ ‘png’ ‘questionr’ ‘rprojroot’ ‘tidyverse’ All declared Imports should be used. Flavors: r-devel-linux-x86_64-fedora-clang, r-devel-linux-x86_64-fedora-gcc

Version: 1.0.3
Check: installed package size
Result: NOTE installed size is 7.4Mb sub-directories of 1Mb or more: libs 6.7Mb Flavors: r-release-macos-arm64, r-release-macos-x86_64, r-oldrel-macos-arm64