CRAN Package Check Results for Package hdrcde

Last updated on 2024-02-29 20:05:29 CET.

Flavor Version Tinstall Tcheck Ttotal Status Flags
r-devel-linux-x86_64-debian-clang 3.4 7.84 52.42 60.26 OK
r-devel-linux-x86_64-debian-gcc 3.4 4.76 38.06 42.82 OK
r-devel-linux-x86_64-fedora-clang 3.4 72.27 OK
r-devel-linux-x86_64-fedora-gcc 3.4 73.26 OK
r-devel-windows-x86_64 3.4 9.00 65.00 74.00 NOTE
r-patched-linux-x86_64 3.4 6.37 49.58 55.95 OK
r-release-linux-x86_64 3.4 6.72 50.21 56.93 OK
r-release-macos-arm64 3.4 26.00 OK
r-release-macos-x86_64 3.4 37.00 OK
r-release-windows-x86_64 3.4 12.00 71.00 83.00 NOTE
r-oldrel-macos-arm64 3.4 26.00 OK
r-oldrel-windows-x86_64 3.4 11.00 69.00 80.00 OK

Check Details

Version: 3.4
Check: C++ specification
Result: NOTE Specified C++11: please drop specification unless essential Flavors: r-devel-windows-x86_64, r-release-windows-x86_64