Last updated on 2023-02-06 19:54:25 CET.
Flavor | Version | Tinstall | Tcheck | Ttotal | Status | Flags |
---|---|---|---|---|---|---|
r-devel-linux-x86_64-debian-clang | 0.1.2 | 5.10 | 50.42 | 55.52 | OK | |
r-devel-linux-x86_64-debian-gcc | 0.1.2 | 3.53 | 37.90 | 41.43 | OK | |
r-devel-linux-x86_64-fedora-clang | 0.1.2 | 66.30 | OK | |||
r-devel-linux-x86_64-fedora-gcc | 0.1.2 | 85.16 | OK | |||
r-devel-windows-x86_64 | 0.1.2 | 20.00 | 79.00 | 99.00 | OK | |
r-patched-linux-x86_64 | 0.1.2 | 5.48 | 50.33 | 55.81 | OK | |
r-release-linux-x86_64 | 0.1.2 | 5.80 | 47.35 | 53.15 | OK | |
r-release-macos-arm64 | 0.1.2 | 23.00 | OK | |||
r-release-macos-x86_64 | 0.1.2 | 8.00 | ERROR | |||
r-release-windows-x86_64 | 0.1.2 | 28.00 | 89.00 | 117.00 | OK | |
r-oldrel-macos-arm64 | 0.1.2 | 16.00 | ERROR | |||
r-oldrel-macos-x86_64 | 0.1.2 | 11.00 | ERROR | |||
r-oldrel-windows-ix86+x86_64 | 0.1.2 | 12.00 | 82.00 | 94.00 | OK |
Version: 0.1.2
Check: package dependencies
Result: ERROR
Package required but not available: ‘Heatplus’
See section ‘The DESCRIPTION file’ in the ‘Writing R Extensions’
manual.
Flavors: r-release-macos-x86_64, r-oldrel-macos-arm64, r-oldrel-macos-x86_64