CRAN Package Check Results for Package heddlr

Last updated on 2024-02-21 19:53:16 CET.

Flavor Version Tinstall Tcheck Ttotal Status Flags
r-devel-linux-x86_64-debian-clang 0.6.0 NOTE
r-devel-linux-x86_64-debian-gcc 0.6.0 1.88 27.11 28.99 NOTE
r-devel-linux-x86_64-fedora-clang 0.6.0 47.04 NOTE
r-devel-linux-x86_64-fedora-gcc 0.6.0 58.22 NOTE
r-devel-windows-x86_64 0.6.0 3.00 50.00 53.00 NOTE
r-patched-linux-x86_64 0.6.0 2.83 33.70 36.53 NOTE
r-release-linux-x86_64 0.6.0 2.74 33.90 36.64 NOTE
r-release-macos-arm64 0.6.0 23.00 NOTE
r-release-macos-x86_64 0.6.0 37.00 NOTE
r-release-windows-x86_64 0.6.0 3.00 53.00 56.00 NOTE
r-oldrel-macos-arm64 0.6.0 20.00 NOTE
r-oldrel-windows-x86_64 0.6.0 4.00 55.00 59.00 NOTE

Check Details

Version: 0.6.0
Check: LazyData
Result: NOTE 'LazyData' is specified without a 'data' directory Flavors: r-devel-linux-x86_64-debian-clang, r-devel-linux-x86_64-debian-gcc, r-devel-linux-x86_64-fedora-clang, r-devel-linux-x86_64-fedora-gcc, r-devel-windows-x86_64, r-patched-linux-x86_64, r-release-linux-x86_64, r-release-macos-arm64, r-release-macos-x86_64, r-release-windows-x86_64, r-oldrel-macos-arm64, r-oldrel-windows-x86_64

Version: 0.6.0
Check: Rd cross-references
Result: NOTE Undeclared package ‘tibble’ in Rd xrefs Flavor: r-devel-linux-x86_64-fedora-clang