CRAN Package Check Results for Package hesim

Last updated on 2021-11-26 20:49:36 CET.

Flavor Version Tinstall Tcheck Ttotal Status Flags
r-devel-linux-x86_64-debian-clang 0.5.1 332.27 402.13 734.40 OK
r-devel-linux-x86_64-debian-gcc 0.5.1 283.83 281.00 564.83 OK
r-devel-linux-x86_64-fedora-clang 0.5.1 984.58 NOTE
r-devel-linux-x86_64-fedora-gcc 0.5.1 944.58 NOTE
r-devel-windows-x86_64-new-UL 0.5.1 458.00 554.00 1012.00 NOTE
r-devel-windows-x86_64-new-TK 0.5.1 NOTE
r-devel-windows-x86_64-old 0.5.1 372.00 513.00 885.00 NOTE
r-patched-linux-x86_64 0.5.1 331.21 380.39 711.60 OK
r-patched-solaris-x86 0.5.1 620.00 NOTE
r-release-linux-x86_64 0.5.1 OK
r-release-macos-arm64 0.5.1 NOTE
r-release-macos-x86_64 0.5.1 NOTE
r-release-windows-ix86+x86_64 0.5.1 838.00 456.00 1294.00 NOTE
r-oldrel-macos-x86_64 0.5.1 NOTE
r-oldrel-windows-ix86+x86_64 0.5.1 834.00 627.00 1461.00 NOTE

Check Details

Version: 0.5.1
Check: installed package size
Result: NOTE
     installed size is 25.0Mb
     sub-directories of 1Mb or more:
     doc 2.2Mb
     libs 20.9Mb
Flavors: r-devel-linux-x86_64-fedora-clang, r-devel-windows-x86_64-new-UL, r-devel-windows-x86_64-old, r-patched-solaris-x86, r-release-macos-arm64, r-release-macos-x86_64, r-release-windows-ix86+x86_64, r-oldrel-macos-x86_64, r-oldrel-windows-ix86+x86_64

Version: 0.5.1
Check: dependencies in R code
Result: NOTE
    Namespace in Imports field not imported from: ‘R6’
     All declared Imports should be used.
Flavors: r-devel-linux-x86_64-fedora-clang, r-devel-linux-x86_64-fedora-gcc, r-devel-windows-x86_64-new-TK, r-patched-solaris-x86, r-release-macos-arm64, r-release-macos-x86_64, r-oldrel-macos-x86_64